CRAN Package Check Results for Package rocTree

Last updated on 2021-04-22 10:49:21 CEST.

Flavor Version Tinstall Tcheck Ttotal Status Flags
r-devel-linux-x86_64-debian-clang 1.1.1 164.25 106.99 271.24 OK
r-devel-linux-x86_64-debian-gcc 1.1.1 103.50 78.23 181.73 OK
r-devel-linux-x86_64-fedora-clang 1.1.1 367.04 NOTE
r-devel-linux-x86_64-fedora-gcc 1.1.1 326.08 OK
r-devel-windows-ix86+x86_64 1.1.1 372.00 178.00 550.00 OK
r-devel-windows-x86_64-gcc10-UCRT 1.1.1 OK
r-patched-linux-x86_64 1.1.1 132.57 96.00 228.57 OK
r-patched-solaris-x86 1.1.1 339.80 OK
r-release-linux-x86_64 1.1.1 121.79 96.29 218.08 OK
r-release-macos-x86_64 1.1.1 NOTE
r-release-windows-ix86+x86_64 1.1.1 363.00 186.00 549.00 OK
r-oldrel-macos-x86_64 1.1.1 NOTE
r-oldrel-windows-ix86+x86_64 1.1.1 331.00 173.00 504.00 OK

Check Details

Version: 1.1.1
Check: installed package size
Result: NOTE
     installed size is 6.6Mb
     sub-directories of 1Mb or more:
     libs 6.4Mb
Flavors: r-devel-linux-x86_64-fedora-clang, r-release-macos-x86_64, r-oldrel-macos-x86_64