CRAN Package Check Results for Package rocTree

Last updated on 2020-08-07 21:48:51 CEST.

Flavor Version Tinstall Tcheck Ttotal Status Flags
r-devel-linux-x86_64-debian-clang 1.1.1 158.25 89.42 247.67 OK
r-devel-linux-x86_64-debian-gcc 1.1.1 118.21 66.97 185.18 OK
r-devel-linux-x86_64-fedora-clang 1.1.1 358.78 NOTE
r-devel-linux-x86_64-fedora-gcc 1.1.1 323.77 OK
r-devel-windows-ix86+x86_64 1.1.1 387.00 147.00 534.00 OK
r-patched-linux-x86_64 1.1.1 133.27 86.87 220.14 OK
r-patched-solaris-x86 1.1.1 318.00 OK
r-release-linux-x86_64 1.1.1 126.64 87.07 213.71 OK
r-release-macos-x86_64 1.1.1 NOTE
r-release-windows-ix86+x86_64 1.1.1 365.00 194.00 559.00 OK
r-oldrel-macos-x86_64 1.1.1 NOTE
r-oldrel-windows-ix86+x86_64 1.1.1 310.00 141.00 451.00 OK

Check Details

Version: 1.1.1
Check: installed package size
Result: NOTE
     installed size is 7.9Mb
     sub-directories of 1Mb or more:
     libs 7.7Mb
Flavors: r-devel-linux-x86_64-fedora-clang, r-release-macos-x86_64, r-oldrel-macos-x86_64