CRAN Package Check Results for Package rodham

Last updated on 2018-11-20 13:46:38 CET.

Flavor Version Tinstall Tcheck Ttotal Status Flags
r-devel-linux-x86_64-debian-clang 0.1.1 3.11 31.66 34.77 OK
r-devel-linux-x86_64-debian-gcc 0.1.1 2.02 25.83 27.85 OK
r-devel-linux-x86_64-fedora-clang 0.1.1 40.95 NOTE
r-devel-linux-x86_64-fedora-gcc 0.1.1 40.34 NOTE
r-devel-windows-ix86+x86_64 0.1.1 7.00 44.00 51.00 OK
r-patched-linux-x86_64 0.1.1 2.54 29.67 32.21 OK
r-patched-solaris-x86 0.1.1 63.50 NOTE
r-release-linux-x86_64 0.1.1 2.54 30.07 32.61 OK
r-release-windows-ix86+x86_64 0.1.1 5.00 62.00 67.00 OK
r-release-osx-x86_64 0.1.1 NOTE
r-oldrel-windows-ix86+x86_64 0.1.1 7.00 57.00 64.00 OK
r-oldrel-osx-x86_64 0.1.1 NOTE

Check Details

Version: 0.1.1
Check: dependencies in R code
Result: NOTE
    Namespace in Imports field not imported from: ‘stringr’
     All declared Imports should be used.
Flavors: r-devel-linux-x86_64-fedora-clang, r-devel-linux-x86_64-fedora-gcc, r-patched-solaris-x86, r-release-osx-x86_64, r-oldrel-osx-x86_64

Version: 0.1.1
Check: data for non-ASCII characters
Result: NOTE
     Note: found 59 marked UTF-8 strings
Flavors: r-devel-linux-x86_64-fedora-clang, r-devel-linux-x86_64-fedora-gcc, r-patched-solaris-x86, r-release-osx-x86_64, r-oldrel-osx-x86_64