CRAN Package Check Results for Package rodham

Last updated on 2018-05-21 00:50:17 CEST.

Flavor Version Tinstall Tcheck Ttotal Status Flags
r-devel-linux-x86_64-debian-clang 0.1.1 1.98 28.97 30.95 OK
r-devel-linux-x86_64-debian-gcc 0.1.1 2.60 24.77 27.37 OK
r-devel-linux-x86_64-fedora-clang 0.1.1 41.34 NOTE
r-devel-linux-x86_64-fedora-gcc 0.1.1 39.88 NOTE
r-devel-windows-ix86+x86_64 0.1.1 6.00 55.00 61.00 OK
r-patched-linux-x86_64 0.1.1 2.87 29.74 32.61 OK
r-patched-solaris-x86 0.1.1 65.70 NOTE
r-release-linux-x86_64 0.1.1 2.79 29.56 32.35 OK
r-release-windows-ix86+x86_64 0.1.1 6.00 39.00 45.00 OK
r-release-osx-x86_64 0.1.1 NOTE
r-oldrel-windows-ix86+x86_64 0.1.1 5.00 41.00 46.00 OK
r-oldrel-osx-x86_64 0.1.1 NOTE

Check Details

Version: 0.1.1
Check: dependencies in R code
Result: NOTE
    Namespace in Imports field not imported from: ‘stringr’
     All declared Imports should be used.
Flavors: r-devel-linux-x86_64-fedora-clang, r-devel-linux-x86_64-fedora-gcc, r-patched-solaris-x86, r-release-osx-x86_64, r-oldrel-osx-x86_64

Version: 0.1.1
Check: data for non-ASCII characters
Result: NOTE
     Note: found 59 marked UTF-8 strings
Flavors: r-devel-linux-x86_64-fedora-clang, r-devel-linux-x86_64-fedora-gcc, r-patched-solaris-x86, r-release-osx-x86_64, r-oldrel-osx-x86_64