CRAN Package Check Results for Package rodham

Last updated on 2018-08-21 20:46:44 CEST.

Flavor Version Tinstall Tcheck Ttotal Status Flags
r-devel-linux-x86_64-debian-clang 0.1.1 2.57 32.70 35.27 OK
r-devel-linux-x86_64-debian-gcc 0.1.1 2.34 26.11 28.45 OK
r-devel-linux-x86_64-fedora-clang 0.1.1 42.29 NOTE
r-devel-linux-x86_64-fedora-gcc 0.1.1 41.50 NOTE
r-devel-windows-ix86+x86_64 0.1.1 7.00 55.00 62.00 OK
r-patched-linux-x86_64 0.1.1 3.21 30.30 33.51 OK
r-patched-solaris-x86 0.1.1 63.20 NOTE
r-release-linux-x86_64 0.1.1 2.69 30.39 33.08 OK
r-release-windows-ix86+x86_64 0.1.1 8.00 59.00 67.00 OK
r-release-osx-x86_64 0.1.1 NOTE
r-oldrel-windows-ix86+x86_64 0.1.1 5.00 60.00 65.00 OK
r-oldrel-osx-x86_64 0.1.1 NOTE

Check Details

Version: 0.1.1
Check: dependencies in R code
Result: NOTE
    Namespace in Imports field not imported from: ‘stringr’
     All declared Imports should be used.
Flavors: r-devel-linux-x86_64-fedora-clang, r-devel-linux-x86_64-fedora-gcc, r-patched-solaris-x86, r-release-osx-x86_64, r-oldrel-osx-x86_64

Version: 0.1.1
Check: data for non-ASCII characters
Result: NOTE
     Note: found 59 marked UTF-8 strings
Flavors: r-devel-linux-x86_64-fedora-clang, r-devel-linux-x86_64-fedora-gcc, r-patched-solaris-x86, r-release-osx-x86_64, r-oldrel-osx-x86_64