CRAN Package Check Results for Package rodham

Last updated on 2018-02-19 04:48:14 CET.

Flavor Version Tinstall Tcheck Ttotal Status Flags
r-devel-linux-x86_64-debian-clang 0.1.1 2.46 26.83 29.29 OK
r-devel-linux-x86_64-debian-gcc 0.1.1 2.11 23.71 25.82 OK
r-devel-linux-x86_64-fedora-clang 0.1.1 39.57 NOTE
r-devel-linux-x86_64-fedora-gcc 0.1.1 38.16 NOTE
r-devel-windows-ix86+x86_64 0.1.1 5.00 38.00 43.00 OK
r-patched-linux-x86_64 0.1.1 2.28 33.21 35.49 OK
r-patched-solaris-x86 0.1.1 58.70 NOTE
r-release-linux-x86_64 0.1.1 2.29 33.81 36.10 OK
r-release-windows-ix86+x86_64 0.1.1 6.00 40.00 46.00 OK
r-release-osx-x86_64 0.1.1 NOTE
r-oldrel-windows-ix86+x86_64 0.1.1 4.00 48.00 52.00 OK
r-oldrel-osx-x86_64 0.1.1 NOTE

Check Details

Version: 0.1.1
Check: dependencies in R code
Result: NOTE
    Namespace in Imports field not imported from: ‘stringr’
     All declared Imports should be used.
Flavors: r-devel-linux-x86_64-fedora-clang, r-devel-linux-x86_64-fedora-gcc, r-patched-solaris-x86, r-release-osx-x86_64, r-oldrel-osx-x86_64

Version: 0.1.1
Check: data for non-ASCII characters
Result: NOTE
     Note: found 59 marked UTF-8 strings
Flavors: r-devel-linux-x86_64-fedora-clang, r-devel-linux-x86_64-fedora-gcc, r-patched-solaris-x86, r-release-osx-x86_64, r-oldrel-osx-x86_64