CRAN Package Check Results for Package rolldown

Last updated on 2021-05-08 04:47:25 CEST.

Flavor Version Tinstall Tcheck Ttotal Status Flags
r-devel-linux-x86_64-debian-clang 0.1 2.15 28.15 30.30 NOTE
r-devel-linux-x86_64-debian-gcc 0.1 1.67 22.19 23.86 NOTE
r-devel-linux-x86_64-fedora-clang 0.1 46.80 NOTE
r-devel-linux-x86_64-fedora-gcc 0.1 37.76 NOTE
r-devel-windows-ix86+x86_64 0.1 4.00 4.00 8.00 ERROR
r-devel-windows-x86_64-gcc10-UCRT 0.1 NOTE
r-patched-linux-x86_64 0.1 4.46 27.72 32.18 NOTE
r-patched-solaris-x86 0.1 58.00 OK
r-release-linux-x86_64 0.1 1.58 27.94 29.52 OK
r-release-macos-x86_64 0.1 OK
r-release-windows-ix86+x86_64 0.1 6.00 33.00 39.00 OK
r-oldrel-macos-x86_64 0.1 OK
r-oldrel-windows-ix86+x86_64 0.1 4.00 42.00 46.00 OK

Check Details

Version: 0.1
Check: LazyData
Result: NOTE
     'LazyData' is specified without a 'data' directory
Flavors: r-devel-linux-x86_64-debian-clang, r-devel-linux-x86_64-debian-gcc, r-devel-linux-x86_64-fedora-clang, r-devel-linux-x86_64-fedora-gcc, r-devel-windows-x86_64-gcc10-UCRT, r-patched-linux-x86_64

Version: 0.1
Check: whether package can be installed
Result: ERROR
    Installation failed.
Flavor: r-devel-windows-ix86+x86_64