CRAN Package Check Results for Package rollply

Last updated on 2018-02-24 06:47:44 CET.

Flavor Version Tinstall Tcheck Ttotal Status Flags
r-devel-linux-x86_64-debian-clang 0.5.0 15.58 99.98 115.56 NOTE
r-devel-linux-x86_64-debian-gcc 0.5.0 14.25 75.76 90.01 NOTE
r-devel-linux-x86_64-fedora-clang 0.5.0 146.64 NOTE
r-devel-linux-x86_64-fedora-gcc 0.5.0 137.24 NOTE
r-devel-windows-ix86+x86_64 0.5.0 55.00 180.00 235.00 OK
r-patched-linux-x86_64 0.5.0 16.73 115.33 132.06 NOTE
r-patched-solaris-x86 0.5.0 231.70 OK
r-release-linux-x86_64 0.5.0 18.39 118.31 136.70 NOTE
r-release-windows-ix86+x86_64 0.5.0 31.00 194.00 225.00 OK
r-release-osx-x86_64 0.5.0 WARN
r-oldrel-windows-ix86+x86_64 0.5.0 38.00 134.00 172.00 OK
r-oldrel-osx-x86_64 0.5.0 OK

Check Details

Version: 0.5.0
Check: compiled code
Result: NOTE
    File ‘rollply/libs/rollply.so’:
     Found no calls to: ‘R_registerRoutines’, ‘R_useDynamicSymbols’
    
    It is good practice to register native routines and to disable symbol
    search.
    
    See ‘Writing portable packages’ in the ‘Writing R Extensions’ manual.
Flavors: r-devel-linux-x86_64-debian-clang, r-devel-linux-x86_64-debian-gcc, r-devel-linux-x86_64-fedora-clang, r-devel-linux-x86_64-fedora-gcc, r-patched-linux-x86_64, r-release-linux-x86_64

Version: 0.5.0
Check: package dependencies
Result: NOTE
    Packages suggested but not available for checking: ‘proj4’ ‘rgdal’
Flavor: r-release-osx-x86_64

Version: 0.5.0
Check: re-building of vignette outputs
Result: WARN
    Error in re-building vignettes:
     ...
    Warning in engine$weave(file, quiet = quiet, encoding = enc) :
     Pandoc (>= 1.12.3) and/or pandoc-citeproc not available. Falling back to R Markdown v1.
    Quitting from lines 21-27 (rollply.Rmd)
    Error: processing vignette 'rollply.Rmd' failed with diagnostics:
    there is no package called 'proj4'
    Execution halted
Flavor: r-release-osx-x86_64