CRAN Package Check Results for Package rollply

Last updated on 2018-08-20 07:47:56 CEST.

Flavor Version Tinstall Tcheck Ttotal Status Flags
r-devel-linux-x86_64-debian-clang 0.5.0 19.69 102.98 122.67 NOTE
r-devel-linux-x86_64-debian-gcc 0.5.0 16.67 80.88 97.55 NOTE
r-devel-linux-x86_64-fedora-clang 0.5.0 148.37 NOTE
r-devel-linux-x86_64-fedora-gcc 0.5.0 152.45 NOTE
r-devel-windows-ix86+x86_64 0.5.0 52.00 201.00 253.00 OK
r-patched-linux-x86_64 0.5.0 22.96 97.88 120.84 NOTE
r-patched-solaris-x86 0.5.0 223.90 OK
r-release-linux-x86_64 0.5.0 23.45 97.84 121.29 NOTE
r-release-windows-ix86+x86_64 0.5.0 51.00 133.00 184.00 OK
r-release-osx-x86_64 0.5.0 OK
r-oldrel-windows-ix86+x86_64 0.5.0 42.00 199.00 241.00 OK
r-oldrel-osx-x86_64 0.5.0 WARN

Check Details

Version: 0.5.0
Check: compiled code
Result: NOTE
    File ‘rollply/libs/rollply.so’:
     Found no calls to: ‘R_registerRoutines’, ‘R_useDynamicSymbols’
    
    It is good practice to register native routines and to disable symbol
    search.
    
    See ‘Writing portable packages’ in the ‘Writing R Extensions’ manual.
Flavors: r-devel-linux-x86_64-debian-clang, r-devel-linux-x86_64-debian-gcc, r-devel-linux-x86_64-fedora-clang, r-devel-linux-x86_64-fedora-gcc, r-patched-linux-x86_64, r-release-linux-x86_64

Version: 0.5.0
Check: package dependencies
Result: NOTE
    Packages suggested but not available for checking: ‘proj4’ ‘rgdal’
Flavor: r-oldrel-osx-x86_64

Version: 0.5.0
Check: re-building of vignette outputs
Result: WARN
    Error in re-building vignettes:
     ...
    Warning in engine$weave(file, quiet = quiet, encoding = enc) :
     Pandoc (>= 1.12.3) and/or pandoc-citeproc not available. Falling back to R Markdown v1.
    Quitting from lines 21-27 (rollply.Rmd)
    Error: processing vignette 'rollply.Rmd' failed with diagnostics:
    there is no package called 'proj4'
    Execution halted
Flavor: r-oldrel-osx-x86_64