CRAN Package Check Results for Package rollply

Last updated on 2018-11-18 21:47:37 CET.

Flavor Version Tinstall Tcheck Ttotal Status Flags
r-devel-linux-x86_64-debian-clang 0.5.0 23.51 100.25 123.76 OK
r-devel-linux-x86_64-debian-gcc 0.5.0 14.73 78.16 92.89 OK
r-devel-linux-x86_64-fedora-clang 0.5.0 151.07 NOTE
r-devel-linux-x86_64-fedora-gcc 0.5.0 141.83 NOTE
r-devel-windows-ix86+x86_64 0.5.0 48.00 143.00 191.00 OK
r-patched-linux-x86_64 0.5.0 24.90 97.96 122.86 OK
r-patched-solaris-x86 0.5.0 232.90 OK
r-release-linux-x86_64 0.5.0 22.00 96.54 118.54 OK
r-release-windows-ix86+x86_64 0.5.0 50.00 148.00 198.00 OK
r-release-osx-x86_64 0.5.0 OK
r-oldrel-windows-ix86+x86_64 0.5.0 51.00 197.00 248.00 OK
r-oldrel-osx-x86_64 0.5.0 WARN

Check Details

Version: 0.5.0
Check: compiled code
Result: NOTE
    File ‘rollply/libs/rollply.so’:
     Found no calls to: ‘R_registerRoutines’, ‘R_useDynamicSymbols’
    
    It is good practice to register native routines and to disable symbol
    search.
    
    See ‘Writing portable packages’ in the ‘Writing R Extensions’ manual.
Flavors: r-devel-linux-x86_64-fedora-clang, r-devel-linux-x86_64-fedora-gcc

Version: 0.5.0
Check: package dependencies
Result: NOTE
    Packages suggested but not available for checking: ‘proj4’ ‘rgdal’
Flavor: r-oldrel-osx-x86_64

Version: 0.5.0
Check: re-building of vignette outputs
Result: WARN
    Error in re-building vignettes:
     ...
    Warning in engine$weave(file, quiet = quiet, encoding = enc) :
     Pandoc (>= 1.12.3) and/or pandoc-citeproc not available. Falling back to R Markdown v1.
    Quitting from lines 21-27 (rollply.Rmd)
    Error: processing vignette 'rollply.Rmd' failed with diagnostics:
    there is no package called 'proj4'
    Execution halted
Flavor: r-oldrel-osx-x86_64