CRAN Package Check Results for Package rollply

Last updated on 2018-05-24 02:48:39 CEST.

Flavor Version Tinstall Tcheck Ttotal Status Flags
r-devel-linux-x86_64-debian-clang 0.5.0 19.31 94.76 114.07 NOTE
r-devel-linux-x86_64-debian-gcc 0.5.0 16.14 79.09 95.23 NOTE
r-devel-linux-x86_64-fedora-clang 0.5.0 149.77 NOTE
r-devel-linux-x86_64-fedora-gcc 0.5.0 141.80 NOTE
r-devel-windows-ix86+x86_64 0.5.0 34.00 145.00 179.00 OK
r-patched-linux-x86_64 0.5.0 19.54 98.34 117.88 NOTE
r-patched-solaris-x86 0.5.0 222.50 OK
r-release-linux-x86_64 0.5.0 17.55 97.84 115.39 NOTE
r-release-windows-ix86+x86_64 0.5.0 49.00 188.00 237.00 OK
r-release-osx-x86_64 0.5.0 OK
r-oldrel-windows-ix86+x86_64 0.5.0 49.00 195.00 244.00 OK
r-oldrel-osx-x86_64 0.5.0 WARN

Check Details

Version: 0.5.0
Check: compiled code
Result: NOTE
    File ‘rollply/libs/rollply.so’:
     Found no calls to: ‘R_registerRoutines’, ‘R_useDynamicSymbols’
    
    It is good practice to register native routines and to disable symbol
    search.
    
    See ‘Writing portable packages’ in the ‘Writing R Extensions’ manual.
Flavors: r-devel-linux-x86_64-debian-clang, r-devel-linux-x86_64-debian-gcc, r-devel-linux-x86_64-fedora-clang, r-devel-linux-x86_64-fedora-gcc, r-patched-linux-x86_64, r-release-linux-x86_64

Version: 0.5.0
Check: package dependencies
Result: NOTE
    Packages suggested but not available for checking: ‘proj4’ ‘rgdal’
Flavor: r-oldrel-osx-x86_64

Version: 0.5.0
Check: re-building of vignette outputs
Result: WARN
    Error in re-building vignettes:
     ...
    Warning in engine$weave(file, quiet = quiet, encoding = enc) :
     Pandoc (>= 1.12.3) and/or pandoc-citeproc not available. Falling back to R Markdown v1.
    Quitting from lines 21-27 (rollply.Rmd)
    Error: processing vignette 'rollply.Rmd' failed with diagnostics:
    there is no package called 'proj4'
    Execution halted
Flavor: r-oldrel-osx-x86_64