CRAN Package Check Results for Package rolr

Last updated on 2022-08-19 09:52:24 CEST.

Flavor Version Tinstall Tcheck Ttotal Status Flags
r-devel-linux-x86_64-debian-clang 1.0.0 2.63 65.67 68.30 NOTE
r-devel-linux-x86_64-debian-gcc 1.0.0 1.51 48.11 49.62 NOTE
r-devel-linux-x86_64-fedora-clang 1.0.0 88.48 NOTE
r-devel-linux-x86_64-fedora-gcc 1.0.0 87.76 NOTE
r-devel-windows-x86_64 1.0.0 7.00 89.00 96.00 NOTE
r-patched-linux-x86_64 1.0.0 1.89 61.33 63.22 NOTE
r-release-linux-x86_64 1.0.0 NOTE
r-release-macos-arm64 1.0.0 25.00 NOTE
r-release-macos-x86_64 1.0.0 35.00 NOTE
r-release-windows-x86_64 1.0.0 7.00 88.00 95.00 NOTE
r-oldrel-macos-arm64 1.0.0 29.00 NOTE
r-oldrel-macos-x86_64 1.0.0 49.00 NOTE
r-oldrel-windows-ix86+x86_64 1.0.0 4.00 88.00 92.00 NOTE

Check Details

Version: 1.0.0
Check: LazyData
Result: NOTE
     'LazyData' is specified without a 'data' directory
Flavors: r-devel-linux-x86_64-debian-clang, r-devel-linux-x86_64-debian-gcc, r-devel-linux-x86_64-fedora-clang, r-devel-linux-x86_64-fedora-gcc, r-devel-windows-x86_64, r-patched-linux-x86_64, r-release-linux-x86_64, r-release-macos-arm64, r-release-macos-x86_64, r-release-windows-x86_64, r-oldrel-macos-arm64, r-oldrel-macos-x86_64, r-oldrel-windows-ix86+x86_64