Last updated on 2022-05-21 03:55:12 CEST.
Flavor | Version | Tinstall | Tcheck | Ttotal | Status | Flags |
---|---|---|---|---|---|---|
r-devel-linux-x86_64-debian-clang | 0.4.1 | 153.40 | 49.56 | 202.96 | NOTE | |
r-devel-linux-x86_64-debian-gcc | 0.4.1 | 116.46 | 41.22 | 157.68 | NOTE | |
r-devel-linux-x86_64-fedora-clang | 0.4.1 | 293.49 | NOTE | |||
r-devel-linux-x86_64-fedora-gcc | 0.4.1 | 254.60 | NOTE | |||
r-devel-windows-x86_64 | 0.4.1 | 95.00 | 93.00 | 188.00 | NOTE | |
r-patched-linux-x86_64 | 0.4.1 | 123.50 | 50.43 | 173.93 | NOTE | |
r-release-linux-x86_64 | 0.4.1 | 119.70 | 51.39 | 171.09 | NOTE | |
r-release-macos-arm64 | 0.4.1 | 65.00 | NOTE | |||
r-release-macos-x86_64 | 0.4.1 | 88.00 | NOTE | |||
r-release-windows-x86_64 | 0.4.1 | 104.00 | 97.00 | 201.00 | NOTE | |
r-oldrel-macos-arm64 | 0.4.1 | 80.00 | NOTE | |||
r-oldrel-macos-x86_64 | 0.4.1 | 127.00 | NOTE | |||
r-oldrel-windows-ix86+x86_64 | 0.4.1 | 314.00 | 120.00 | 434.00 | NOTE |
Version: 0.4.1
Check: LazyData
Result: NOTE
'LazyData' is specified without a 'data' directory
Flavors: r-devel-linux-x86_64-debian-clang, r-devel-linux-x86_64-debian-gcc, r-devel-linux-x86_64-fedora-clang, r-devel-linux-x86_64-fedora-gcc, r-devel-windows-x86_64, r-patched-linux-x86_64, r-release-linux-x86_64, r-release-macos-arm64, r-release-macos-x86_64, r-release-windows-x86_64, r-oldrel-macos-arm64, r-oldrel-macos-x86_64, r-oldrel-windows-ix86+x86_64
Version: 0.4.1
Check: installed package size
Result: NOTE
installed size is 17.7Mb
sub-directories of 1Mb or more:
libs 17.5Mb
Flavors: r-devel-linux-x86_64-fedora-clang, r-release-macos-arm64, r-release-macos-x86_64, r-oldrel-macos-arm64, r-oldrel-macos-x86_64