CRAN Package Check Results for Package roots

Last updated on 2022-12-01 06:52:55 CET.

Flavor Version Tinstall Tcheck Ttotal Status Flags
r-devel-linux-x86_64-debian-clang 1.0 10.14 83.62 93.76 NOTE
r-devel-linux-x86_64-debian-gcc 1.0 7.43 62.95 70.38 NOTE
r-devel-linux-x86_64-fedora-clang 1.0 126.66 NOTE
r-devel-linux-x86_64-fedora-gcc 1.0 123.86 NOTE
r-devel-windows-x86_64 1.0 17.00 107.00 124.00 NOTE
r-patched-linux-x86_64 1.0 10.37 75.80 86.17 NOTE
r-release-linux-x86_64 1.0 7.95 78.80 86.75 NOTE
r-release-macos-arm64 1.0 32.00 NOTE
r-release-macos-x86_64 1.0 47.00 NOTE
r-release-windows-x86_64 1.0 13.00 112.00 125.00 NOTE
r-oldrel-macos-arm64 1.0 35.00 NOTE
r-oldrel-macos-x86_64 1.0 54.00 NOTE
r-oldrel-windows-ix86+x86_64 1.0 20.00 102.00 122.00 NOTE

Check Details

Version: 1.0
Check: LazyData
Result: NOTE
     'LazyData' is specified without a 'data' directory
Flavors: r-devel-linux-x86_64-debian-clang, r-devel-linux-x86_64-debian-gcc, r-devel-linux-x86_64-fedora-clang, r-devel-linux-x86_64-fedora-gcc, r-devel-windows-x86_64, r-patched-linux-x86_64, r-release-linux-x86_64, r-release-macos-arm64, r-release-macos-x86_64, r-release-windows-x86_64, r-oldrel-macos-arm64, r-oldrel-macos-x86_64, r-oldrel-windows-ix86+x86_64