CRAN Package Check Results for Package ropercenter

Last updated on 2018-05-23 07:50:24 CEST.

Flavor Version Tinstall Tcheck Ttotal Status Flags
r-devel-linux-x86_64-debian-clang 0.1.0 2.32 32.19 34.51 OK
r-devel-linux-x86_64-debian-gcc 0.1.0 0.36 1.46 1.82 ERROR
r-devel-linux-x86_64-fedora-clang 0.1.0 40.84 OK
r-devel-linux-x86_64-fedora-gcc 0.1.0 38.53 OK
r-devel-windows-ix86+x86_64 0.1.0 6.00 75.00 81.00 OK
r-patched-linux-x86_64 0.1.0 2.03 29.14 31.17 OK
r-patched-solaris-x86 0.1.0 58.70 OK
r-release-linux-x86_64 0.1.0 2.16 28.79 30.95 OK
r-release-windows-ix86+x86_64 0.1.0 7.00 63.00 70.00 OK
r-release-osx-x86_64 0.1.0 OK
r-oldrel-windows-ix86+x86_64 0.1.0 7.00 63.00 70.00 OK
r-oldrel-osx-x86_64 0.1.0 OK

Check Details

Version: 0.1.0
Check: package dependencies
Result: ERROR
    Packages required but not available: ‘dplyr’ ‘haven’
    
    See section ‘The DESCRIPTION file’ in the ‘Writing R Extensions’
    manual.
Flavor: r-devel-linux-x86_64-debian-gcc