CRAN Package Check Results for Package rosm

Last updated on 2021-04-16 23:48:17 CEST.

Flavor Version Tinstall Tcheck Ttotal Status Flags
r-devel-linux-x86_64-debian-clang 0.2.5 3.75 42.40 46.15 NOTE
r-devel-linux-x86_64-debian-gcc 0.2.5 2.79 32.66 35.45 NOTE
r-devel-linux-x86_64-fedora-clang 0.2.5 62.77 NOTE
r-devel-linux-x86_64-fedora-gcc 0.2.5 52.57 NOTE
r-devel-windows-ix86+x86_64 0.2.5 10.00 53.00 63.00 NOTE
r-devel-windows-x86_64-gcc10-UCRT 0.2.5 NOTE
r-patched-linux-x86_64 0.2.5 3.92 41.12 45.04 OK
r-patched-solaris-x86 0.2.5 78.30 OK
r-release-linux-x86_64 0.2.5 3.41 40.48 43.89 OK
r-release-macos-x86_64 0.2.5 OK
r-release-windows-ix86+x86_64 0.2.5 29.00 63.00 92.00 OK
r-oldrel-macos-x86_64 0.2.5 OK
r-oldrel-windows-ix86+x86_64 0.2.5 4.00 60.00 64.00 OK

Check Details

Version: 0.2.5
Check: LazyData
Result: NOTE
     'LazyData' is specified without a 'data' directory
Flavors: r-devel-linux-x86_64-debian-clang, r-devel-linux-x86_64-debian-gcc, r-devel-linux-x86_64-fedora-clang, r-devel-linux-x86_64-fedora-gcc, r-devel-windows-ix86+x86_64, r-devel-windows-x86_64-gcc10-UCRT