Last updated on 2022-05-23 02:53:47 CEST.
Flavor | Version | Tinstall | Tcheck | Ttotal | Status | Flags |
---|---|---|---|---|---|---|
r-devel-linux-x86_64-debian-clang | 1.1.3 | 29.85 | 44.33 | 74.18 | WARN | |
r-devel-linux-x86_64-debian-gcc | 1.1.3 | 22.11 | 34.84 | 56.95 | OK | |
r-devel-linux-x86_64-fedora-clang | 1.1.3 | 105.08 | WARN | |||
r-devel-linux-x86_64-fedora-gcc | 1.1.3 | 81.19 | OK | |||
r-devel-windows-x86_64 | 1.1.3 | 36.00 | 83.00 | 119.00 | OK | |
r-patched-linux-x86_64 | 1.1.3 | 26.85 | 43.24 | 70.09 | OK | |
r-release-linux-x86_64 | 1.1.3 | 20.91 | 43.03 | 63.94 | OK | |
r-release-macos-arm64 | 1.1.3 | 26.00 | OK | |||
r-release-macos-x86_64 | 1.1.3 | 35.00 | OK | |||
r-release-windows-x86_64 | 1.1.3 | 39.00 | 84.00 | 123.00 | OK | |
r-oldrel-macos-arm64 | 1.1.3 | 32.00 | OK | |||
r-oldrel-macos-x86_64 | 1.1.3 | 36.00 | OK | |||
r-oldrel-windows-ix86+x86_64 | 1.1.3 | 74.00 | 84.00 | 158.00 | OK |
Version: 1.1.3
Check: whether package can be installed
Result: WARN
Found the following significant warnings:
vMF.cpp:35:9: warning: use of bitwise '&' with boolean operands [-Wbitwise-instead-of-logical]
Flavors: r-devel-linux-x86_64-debian-clang, r-devel-linux-x86_64-fedora-clang