CRAN Package Check Results for Package rotations

Last updated on 2024-02-25 14:48:30 CET.

Flavor Version Tinstall Tcheck Ttotal Status Flags
r-devel-linux-x86_64-debian-clang 1.6.5 124.91 106.55 231.46 NOTE
r-devel-linux-x86_64-debian-gcc 1.6.5 98.10 79.79 177.89 NOTE
r-devel-linux-x86_64-fedora-clang 1.6.5 325.07 NOTE
r-devel-linux-x86_64-fedora-gcc 1.6.5 340.94 NOTE
r-devel-windows-x86_64 1.6.5 101.00 164.00 265.00 NOTE
r-patched-linux-x86_64 1.6.5 134.00 102.50 236.50 NOTE
r-release-linux-x86_64 1.6.5 134.11 103.01 237.12 NOTE
r-release-macos-arm64 1.6.5 89.00 NOTE
r-release-macos-x86_64 1.6.5 140.00 NOTE
r-release-windows-x86_64 1.6.5 126.00 183.00 309.00 NOTE
r-oldrel-macos-arm64 1.6.5 83.00 NOTE
r-oldrel-windows-x86_64 1.6.5 126.00 176.00 302.00 NOTE

Check Details

Version: 1.6.5
Check: C++ specification
Result: NOTE Specified C++11: please drop specification unless essential Flavors: r-devel-linux-x86_64-debian-clang, r-devel-linux-x86_64-debian-gcc, r-devel-linux-x86_64-fedora-clang, r-devel-linux-x86_64-fedora-gcc, r-devel-windows-x86_64, r-patched-linux-x86_64, r-release-linux-x86_64, r-release-macos-arm64, r-release-macos-x86_64, r-release-windows-x86_64

Version: 1.6.5
Check: installed package size
Result: NOTE installed size is 5.0Mb sub-directories of 1Mb or more: R 1.1Mb data 2.7Mb Flavors: r-devel-linux-x86_64-fedora-clang, r-devel-windows-x86_64, r-release-macos-arm64, r-release-macos-x86_64, r-release-windows-x86_64, r-oldrel-macos-arm64, r-oldrel-windows-x86_64