CRAN Package Check Results for Package rotl

Last updated on 2018-10-24 05:50:00 CEST.

Flavor Version Tinstall Tcheck Ttotal Status Flags
r-devel-linux-x86_64-debian-clang 3.0.5 4.51 62.84 67.35 OK
r-devel-linux-x86_64-debian-gcc 3.0.5 4.28 49.39 53.67 OK
r-devel-linux-x86_64-fedora-clang 3.0.5 79.11 OK
r-devel-linux-x86_64-fedora-gcc 3.0.5 76.27 OK
r-devel-windows-ix86+x86_64 3.0.5 13.00 133.00 146.00 OK
r-patched-linux-x86_64 3.0.5 5.10 54.03 59.13 OK
r-patched-solaris-x86 3.0.5 100.30 OK
r-release-linux-x86_64 3.0.5 4.21 54.87 59.08 WARN
r-release-windows-ix86+x86_64 3.0.5 12.00 104.00 116.00 OK
r-release-osx-x86_64 3.0.5 OK
r-oldrel-windows-ix86+x86_64 3.0.5 6.00 114.00 120.00 OK
r-oldrel-osx-x86_64 3.0.5 OK

Check Details

Version: 3.0.5
Check: package dependencies
Result: NOTE
    Package suggested but not available for checking: ‘fulltext’
Flavor: r-release-linux-x86_64

Version: 3.0.5
Check: re-building of vignette outputs
Result: WARN
    Error in re-building vignettes:
     ...
    Quitting from lines 40-42 (data_mashups.Rmd)
    Error: processing vignette ‘data_mashups.Rmd’ failed with diagnostics:
    Timeout was reached: Connection timed out after 10001 milliseconds
    Execution halted
Flavor: r-release-linux-x86_64