CRAN Package Check Results for Package rotl

Last updated on 2018-04-27 04:51:00 CEST.

Flavor Version Tinstall Tcheck Ttotal Status Flags
r-devel-linux-x86_64-debian-clang 3.0.4 3.73 50.80 54.53 OK
r-devel-linux-x86_64-debian-gcc 3.0.4 3.77 43.68 47.45 OK
r-devel-linux-x86_64-fedora-clang 3.0.4 72.44 OK
r-devel-linux-x86_64-fedora-gcc 3.0.4 68.23 OK
r-devel-windows-ix86+x86_64 3.0.4 11.00 115.00 126.00 WARN
r-patched-linux-x86_64 3.0.4 4.69 54.91 59.60 OK
r-patched-solaris-x86 3.0.4 100.10 OK
r-release-linux-x86_64 3.0.4 5.03 55.30 60.33 OK
r-release-windows-ix86+x86_64 3.0.4 11.00 115.00 126.00 WARN
r-release-osx-x86_64 3.0.4 OK
r-oldrel-windows-ix86+x86_64 3.0.4 6.00 102.00 108.00 OK
r-oldrel-osx-x86_64 3.0.4 OK

Check Details

Version: 3.0.4
Check: re-building of vignette outputs
Result: WARN
    Error in re-building vignettes:
     ...
    Quitting from lines 40-42 (data_mashups.Rmd)
    Error: processing vignette 'data_mashups.Rmd' failed with diagnostics:
    HTTP failure: 503
    <!DOCTYPE HTML PUBLIC "-//IETF//DTD HTML 2.0//EN">
    <html><head>
    <title>503 Service Unavailable</title>
    </head><body>
    <h1>Service Unavailable</h1>
    <p>The server is temporarily unable to service your
    request due to maintenance downtime or capacity
    problems. Please try again later.</p>
    <hr>
    <address>Apache/2.4.10 (Debian) Server at api.opentreeoflife.org Port 443</address>
    </body></html>
    Execution halted
Flavors: r-devel-windows-ix86+x86_64, r-release-windows-ix86+x86_64