CRAN Package Check Results for Package rotl

Last updated on 2018-01-22 03:49:03 CET.

Flavor Version Tinstall Tcheck Ttotal Status Flags
r-devel-linux-x86_64-debian-clang 3.0.3 2.56 61.20 63.76 OK
r-devel-linux-x86_64-debian-gcc 3.0.3 2.23 52.31 54.54 OK
r-devel-linux-x86_64-fedora-clang 3.0.3 75.35 OK
r-devel-linux-x86_64-fedora-gcc 3.0.3 73.79 OK
r-devel-windows-ix86+x86_64 3.0.3 6.00 85.00 91.00 WARN
r-patched-linux-x86_64 3.0.3 2.22 67.04 69.26 OK
r-patched-solaris-x86 3.0.3 107.20 OK
r-release-linux-x86_64 3.0.3 2.68 67.12 69.80 OK
r-release-windows-ix86+x86_64 3.0.3 8.00 200.00 208.00 OK
r-release-osx-x86_64 3.0.3 OK
r-oldrel-windows-ix86+x86_64 3.0.3 9.00 160.00 169.00 OK
r-oldrel-osx-x86_64 3.0.3 OK

Check Details

Version: 3.0.3
Check: re-building of vignette outputs
Result: WARN
    Error in re-building vignettes:
     ...
    Quitting from lines 47-57 (meta-analysis.Rmd)
    Error: processing vignette 'meta-analysis.Rmd' failed with diagnostics:
    SI number '1' greater than number of detected SIs (0)
    Execution halted
Flavor: r-devel-windows-ix86+x86_64