CRAN Package Check Results for Package roughrf

Last updated on 2018-08-22 06:47:02 CEST.

Flavor Version Tinstall Tcheck Ttotal Status Flags
r-devel-linux-x86_64-debian-clang 1.0 8.00 97.88 105.88 NOTE
r-devel-linux-x86_64-debian-gcc 1.0 7.21 77.63 84.84 NOTE
r-devel-linux-x86_64-fedora-clang 1.0 123.48 NOTE
r-devel-linux-x86_64-fedora-gcc 1.0 122.92 NOTE
r-devel-windows-ix86+x86_64 1.0 12.00 100.00 112.00 NOTE
r-patched-linux-x86_64 1.0 5.02 79.51 84.53 NOTE
r-patched-solaris-x86 1.0 158.30 NOTE
r-release-linux-x86_64 1.0 5.20 79.23 84.43 NOTE
r-release-windows-ix86+x86_64 1.0 20.00 135.00 155.00 NOTE
r-release-osx-x86_64 1.0 NOTE
r-oldrel-windows-ix86+x86_64 1.0 13.00 128.00 141.00 NOTE
r-oldrel-osx-x86_64 1.0 NOTE

Check Details

Version: 1.0
Check: R code for possible problems
Result: NOTE
    mfix : m4m: no visible global function definition for ‘median’
    rrfa: no visible global function definition for ‘predict’
    rrfb: no visible global function definition for ‘predict’
    rrfc1: no visible global function definition for ‘predict’
    rrfc2: no visible global function definition for ‘predict’
    rrfc3: no visible global function definition for ‘predict’
    rrfc4: no visible global function definition for ‘predict’
    rrfc5 : regdat: no visible global function definition for ‘predict’
    rrfc5 : regdat: no visible global function definition for ‘glm’
    rrfc5: no visible global function definition for ‘predict’
    rrfc6: no visible global function definition for ‘predict’
    rrfc7: no visible global function definition for ‘predict’
    rrfd: no visible global function definition for ‘predict’
    rrfe : rdms: no visible global function definition for ‘rbinom’
    rrfe: no visible global function definition for ‘predict’
    Undefined global functions or variables:
     glm median predict rbinom
    Consider adding
     importFrom("stats", "glm", "median", "predict", "rbinom")
    to your NAMESPACE file.
Flavors: r-devel-linux-x86_64-debian-clang, r-devel-linux-x86_64-debian-gcc, r-devel-linux-x86_64-fedora-clang, r-devel-linux-x86_64-fedora-gcc, r-devel-windows-ix86+x86_64, r-patched-linux-x86_64, r-patched-solaris-x86, r-release-linux-x86_64, r-release-windows-ix86+x86_64, r-release-osx-x86_64, r-oldrel-windows-ix86+x86_64, r-oldrel-osx-x86_64