CRAN Package Check Results for Package roughrf

Last updated on 2018-11-20 19:47:58 CET.

Flavor Version Tinstall Tcheck Ttotal Status Flags
r-devel-linux-x86_64-debian-clang 1.0 6.18 83.57 89.75 NOTE
r-devel-linux-x86_64-debian-gcc 1.0 5.41 65.96 71.37 NOTE
r-devel-linux-x86_64-fedora-clang 1.0 105.83 NOTE
r-devel-linux-x86_64-fedora-gcc 1.0 101.48 NOTE
r-devel-windows-ix86+x86_64 1.0 25.00 150.00 175.00 NOTE
r-patched-linux-x86_64 1.0 7.09 80.14 87.23 NOTE
r-patched-solaris-x86 1.0 159.90 NOTE
r-release-linux-x86_64 1.0 5.41 79.50 84.91 NOTE
r-release-windows-ix86+x86_64 1.0 13.00 127.00 140.00 NOTE
r-release-osx-x86_64 1.0 NOTE
r-oldrel-windows-ix86+x86_64 1.0 10.00 128.00 138.00 NOTE
r-oldrel-osx-x86_64 1.0 NOTE

Check Details

Version: 1.0
Check: R code for possible problems
Result: NOTE
    mfix : m4m: no visible global function definition for ‘median’
    rrfa: no visible global function definition for ‘predict’
    rrfb: no visible global function definition for ‘predict’
    rrfc1: no visible global function definition for ‘predict’
    rrfc2: no visible global function definition for ‘predict’
    rrfc3: no visible global function definition for ‘predict’
    rrfc4: no visible global function definition for ‘predict’
    rrfc5 : regdat: no visible global function definition for ‘predict’
    rrfc5 : regdat: no visible global function definition for ‘glm’
    rrfc5: no visible global function definition for ‘predict’
    rrfc6: no visible global function definition for ‘predict’
    rrfc7: no visible global function definition for ‘predict’
    rrfd: no visible global function definition for ‘predict’
    rrfe : rdms: no visible global function definition for ‘rbinom’
    rrfe: no visible global function definition for ‘predict’
    Undefined global functions or variables:
     glm median predict rbinom
    Consider adding
     importFrom("stats", "glm", "median", "predict", "rbinom")
    to your NAMESPACE file.
Flavors: r-devel-linux-x86_64-debian-clang, r-devel-linux-x86_64-debian-gcc, r-devel-linux-x86_64-fedora-clang, r-devel-linux-x86_64-fedora-gcc, r-devel-windows-ix86+x86_64, r-patched-linux-x86_64, r-patched-solaris-x86, r-release-linux-x86_64, r-release-windows-ix86+x86_64, r-release-osx-x86_64, r-oldrel-windows-ix86+x86_64, r-oldrel-osx-x86_64