CRAN Package Check Results for Package roxygen2

Last updated on 2018-05-22 15:48:52 CEST.

Flavor Version Tinstall Tcheck Ttotal Status Flags
r-devel-linux-x86_64-debian-clang 6.0.1 35.96 48.87 84.83 WARN
r-devel-linux-x86_64-debian-gcc 6.0.1 28.81 38.89 67.70 WARN
r-devel-linux-x86_64-fedora-clang 6.0.1 108.50 NOTE
r-devel-linux-x86_64-fedora-gcc 6.0.1 97.26 NOTE
r-devel-windows-ix86+x86_64 6.0.1 80.00 110.00 190.00 OK
r-patched-linux-x86_64 6.0.1 38.57 47.50 86.07 NOTE
r-patched-solaris-x86 6.0.1 115.50 OK
r-release-linux-x86_64 6.0.1 35.69 46.08 81.77 NOTE
r-release-windows-ix86+x86_64 6.0.1 91.00 110.00 201.00 OK
r-release-osx-x86_64 6.0.1 OK
r-oldrel-windows-ix86+x86_64 6.0.1 76.00 127.00 203.00 OK
r-oldrel-osx-x86_64 6.0.1 ERROR

Check Details

Version: 6.0.1
Check: compiled code
Result: NOTE
    File ‘roxygen2/libs/roxygen2.so’:
     Found no calls to: ‘R_registerRoutines’, ‘R_useDynamicSymbols’
    
    It is good practice to register native routines and to disable symbol
    search.
    
    See ‘Writing portable packages’ in the ‘Writing R Extensions’ manual.
Flavors: r-devel-linux-x86_64-debian-clang, r-devel-linux-x86_64-debian-gcc, r-devel-linux-x86_64-fedora-clang, r-devel-linux-x86_64-fedora-gcc, r-patched-linux-x86_64, r-release-linux-x86_64

Version: 6.0.1
Check: for unstated dependencies in ‘tests’
Result: WARN
    Warning: parse error in file ‘testthat/Rd-example-5.R’:
    1:1: unexpected input
    1: \
     ^
Flavors: r-devel-linux-x86_64-debian-clang, r-devel-linux-x86_64-debian-gcc

Version: 6.0.1
Check: package dependencies
Result: NOTE
    Package suggested but not available for checking: ‘devtools’
Flavor: r-oldrel-osx-x86_64

Version: 6.0.1
Check: Rd cross-references
Result: NOTE
    Package unavailable to check Rd xrefs: ‘devtools’
Flavor: r-oldrel-osx-x86_64

Version: 6.0.1
Check: tests
Result: ERROR
     Running ‘testthat.R’ [9s/14s]
    Running the tests in ‘tests/testthat.R’ failed.
    Last 13 lines of output:
     7: getExportedValue(pkg, name)
     8: asNamespace(ns)
     9: getNamespace(ns)
     10: tryCatch(loadNamespace(name), error = function(e) stop(e))
     11: tryCatchList(expr, classes, parentenv, handlers)
     12: tryCatchOne(expr, names, parentenv, handlers[[1L]])
     13: value[[3L]](cond)
    
     ?testthat results ================================================================
     OK: 484 SKIPPED: 0 FAILED: 2
     1. Error: can document eager data (@test-rd-data.R#7)
     2. Error: can document lazy data (@test-rd-data.R#15)
    
     Error: testthat unit tests failed
     Execution halted
Flavor: r-oldrel-osx-x86_64