CRAN Package Check Results for Package rpart.LAD

Last updated on 2022-05-28 10:50:55 CEST.

Flavor Version Tinstall Tcheck Ttotal Status Flags
r-devel-linux-x86_64-debian-clang 0.1.2 26.33 37.65 63.98 NOTE
r-devel-linux-x86_64-debian-gcc 0.1.2 18.24 29.74 47.98 NOTE
r-devel-linux-x86_64-fedora-clang 0.1.2 93.24 NOTE
r-devel-linux-x86_64-fedora-gcc 0.1.2 67.97 NOTE
r-devel-windows-x86_64 0.1.2 27.00 75.00 102.00 NOTE
r-patched-linux-x86_64 0.1.2 19.89 37.00 56.89 NOTE
r-release-linux-x86_64 0.1.2 20.43 37.10 57.53 NOTE
r-release-macos-arm64 0.1.2 22.00 NOTE
r-release-macos-x86_64 0.1.2 32.00 NOTE
r-release-windows-x86_64 0.1.2 28.00 81.00 109.00 NOTE
r-oldrel-macos-arm64 0.1.2 25.00 NOTE
r-oldrel-macos-x86_64 0.1.2 45.00 NOTE
r-oldrel-windows-ix86+x86_64 0.1.2 63.00 75.00 138.00 NOTE

Check Details

Version: 0.1.2
Check: LazyData
Result: NOTE
     'LazyData' is specified without a 'data' directory
Flavors: r-devel-linux-x86_64-debian-clang, r-devel-linux-x86_64-debian-gcc, r-devel-linux-x86_64-fedora-clang, r-devel-linux-x86_64-fedora-gcc, r-devel-windows-x86_64, r-patched-linux-x86_64, r-release-linux-x86_64, r-release-macos-arm64, r-release-macos-x86_64, r-release-windows-x86_64, r-oldrel-macos-arm64, r-oldrel-macos-x86_64, r-oldrel-windows-ix86+x86_64