Last updated on 2023-10-02 22:08:10 CEST.
Flavor | Version | Tinstall | Tcheck | Ttotal | Status | Flags |
---|---|---|---|---|---|---|
r-devel-linux-x86_64-debian-clang | 4.1.19 | 14.39 | 72.50 | 86.89 | NOTE | |
r-devel-linux-x86_64-debian-gcc | 4.1.19 | 8.62 | 56.32 | 64.94 | NOTE | |
r-devel-linux-x86_64-fedora-clang | 4.1.19 | 109.98 | NOTE | |||
r-devel-linux-x86_64-fedora-gcc | 4.1.19 | 119.90 | NOTE | |||
r-devel-windows-x86_64 | 4.1.19 | 25.00 | 110.00 | 135.00 | NOTE | |
r-patched-linux-x86_64 | 4.1.19 | 13.13 | 72.62 | 85.75 | OK | |
r-release-linux-x86_64 | 4.1.19 | 11.23 | 71.85 | 83.08 | OK | |
r-release-macos-arm64 | 4.1.19 | 51.00 | OK | |||
r-release-macos-x86_64 | 4.1.19 | 52.00 | NOTE | |||
r-release-windows-x86_64 | 4.1.19 | 26.00 | 109.00 | 135.00 | OK | |
r-oldrel-macos-arm64 | 4.1.19 | 40.00 | OK | |||
r-oldrel-macos-x86_64 | 4.1.19 | 77.00 | OK | |||
r-oldrel-windows-x86_64 | 4.1.19 | 27.00 | 111.00 | 138.00 | OK |
Version: 4.1.19
Check: Rd \usage sections
Result: NOTE
Objects in \usage without \alias in documentation object 'rpart-internal':
‘rpart.anova’ ‘rpart.class’ ‘rpart.poisson’ ‘rpartco’
Functions with \usage entries need to have the appropriate \alias
entries, and all their arguments documented.
The \usage entries must correspond to syntactically valid R code.
See chapter ‘Writing R documentation files’ in the ‘Writing R
Extensions’ manual.
Flavors: r-devel-linux-x86_64-debian-clang, r-devel-linux-x86_64-debian-gcc, r-devel-linux-x86_64-fedora-clang, r-devel-linux-x86_64-fedora-gcc, r-devel-windows-x86_64
Version: 4.1.19
Check: Rd cross-references
Result: NOTE
Undeclared package ‘tree’ in Rd xrefs
Flavor: r-devel-linux-x86_64-fedora-clang
Version: 4.1.19
Check: re-building of vignette outputs
Result: NOTE
Error(s) in re-building vignettes:
...
Execution halted
* checking PDF version of manual ...* using check arguments '--no-clean-on-error '
Flavor: r-release-macos-x86_64