CRAN Package Check Results for Package rpart

Last updated on 2022-09-25 21:55:00 CEST.

Flavor Version Tinstall Tcheck Ttotal Status Flags
r-devel-linux-x86_64-debian-clang 4.1.16 10.40 71.62 82.02 NOTE
r-devel-linux-x86_64-debian-gcc 4.1.16 7.63 55.69 63.32 NOTE
r-devel-linux-x86_64-fedora-clang 4.1.16 116.87 NOTE
r-devel-linux-x86_64-fedora-gcc 4.1.16 115.50 NOTE
r-devel-windows-x86_64 4.1.16 69.00 131.00 200.00 NOTE
r-patched-linux-x86_64 4.1.16 8.45 68.85 77.30 OK
r-release-linux-x86_64 4.1.16 7.95 68.38 76.33 OK
r-release-macos-arm64 4.1.16 36.00 OK
r-release-macos-x86_64 4.1.16 57.00 OK
r-release-windows-x86_64 4.1.16 48.00 131.00 179.00 OK
r-oldrel-macos-arm64 4.1.16 54.00 OK
r-oldrel-macos-x86_64 4.1.16 72.00 OK
r-oldrel-windows-ix86+x86_64 4.1.16 42.00 128.00 170.00 OK

Check Details

Version: 4.1.16
Check: Rd files
Result: NOTE
    checkRd: (-1) post.rpart.Rd:45: Escaped LaTeX specials: \# \#
    checkRd: (-1) post.rpart.Rd:46: Escaped LaTeX specials: \#
    checkRd: (-1) text.rpart.Rd:52: Escaped LaTeX specials: \# \#
    checkRd: (-1) text.rpart.Rd:53: Escaped LaTeX specials: \#
Flavors: r-devel-linux-x86_64-debian-clang, r-devel-linux-x86_64-debian-gcc, r-devel-linux-x86_64-fedora-clang, r-devel-linux-x86_64-fedora-gcc, r-devel-windows-x86_64

Version: 4.1.16
Check: Rd cross-references
Result: NOTE
    Undeclared package ‘tree’ in Rd xrefs
Flavor: r-devel-linux-x86_64-fedora-clang