CRAN Package Check Results for Package rpart.plot

Last updated on 2024-07-25 02:55:23 CEST.

Flavor Version Tinstall Tcheck Ttotal Status Flags
r-devel-linux-x86_64-debian-clang 3.1.2 10.64 63.43 74.07 OK
r-devel-linux-x86_64-debian-gcc 3.1.2 6.13 46.22 52.35 NOTE
r-devel-linux-x86_64-fedora-clang 3.1.2 93.58 OK
r-devel-linux-x86_64-fedora-gcc 3.1.2 85.74 OK
r-devel-windows-x86_64 3.1.2 10.00 63.00 73.00 NOTE
r-patched-linux-x86_64 3.1.2 8.32 60.24 68.56 OK
r-release-linux-x86_64 3.1.2 9.79 60.72 70.51 OK
r-release-macos-arm64 3.1.2 28.00 OK
r-release-macos-x86_64 3.1.2 40.00 OK
r-release-windows-x86_64 3.1.2 9.00 61.00 70.00 OK
r-oldrel-macos-arm64 3.1.2 45.00 OK
r-oldrel-macos-x86_64 3.1.2 88.00 OK
r-oldrel-windows-x86_64 3.1.2 12.00 70.00 82.00 OK

Check Details

Version: 3.1.2
Check: Rd cross-references
Result: NOTE Found the following Rd file(s) with Rd \link{} targets missing package anchors: prp.Rd: rpart, rpart.object, text.rpart, plot.rpart rpart.plot.Rd: rpart, text.rpart, plot.rpart rpart.predict.Rd: predict.rpart rpart.rules.Rd: rpart Please provide package anchors for all Rd \link{} targets not in the package itself and the base packages. Flavors: r-devel-linux-x86_64-debian-gcc, r-devel-windows-x86_64