CRAN Package Check Results for Package rpart.utils

Last updated on 2018-04-24 15:48:26 CEST.

Flavor Version Tinstall Tcheck Ttotal Status Flags
r-devel-linux-x86_64-debian-clang 0.5 0.73 17.64 18.37 NOTE
r-devel-linux-x86_64-debian-gcc 0.5 0.86 14.07 14.93 NOTE
r-devel-linux-x86_64-fedora-clang 0.5 21.84 NOTE
r-devel-linux-x86_64-fedora-gcc 0.5 20.43 NOTE
r-devel-windows-ix86+x86_64 0.5 4.00 30.00 34.00 NOTE
r-patched-linux-x86_64 0.5 0.73 17.10 17.83 NOTE
r-patched-solaris-x86 0.5 31.40 NOTE
r-release-linux-x86_64 0.5 0.89 16.97 17.86 NOTE
r-release-windows-ix86+x86_64 0.5 4.00 30.00 34.00 NOTE
r-release-osx-x86_64 0.5 NOTE
r-oldrel-windows-ix86+x86_64 0.5 6.00 38.00 44.00 NOTE
r-oldrel-osx-x86_64 0.5 NOTE

Check Details

Version: 0.5
Check: DESCRIPTION meta-information
Result: NOTE
    Malformed Title field: should not end in a period.
Flavors: r-devel-linux-x86_64-debian-clang, r-devel-linux-x86_64-debian-gcc, r-devel-linux-x86_64-fedora-clang, r-devel-linux-x86_64-fedora-gcc, r-devel-windows-ix86+x86_64, r-patched-linux-x86_64, r-patched-solaris-x86, r-release-linux-x86_64, r-release-windows-ix86+x86_64, r-release-osx-x86_64, r-oldrel-windows-ix86+x86_64, r-oldrel-osx-x86_64

Version: 0.5
Check: dependencies in R code
Result: NOTE
    'library' or 'require' call to ‘RODBC’ in package code.
     Please use :: or requireNamespace() instead.
     See section 'Suggested packages' in the 'Writing R Extensions' manual.
Flavors: r-devel-linux-x86_64-debian-clang, r-devel-linux-x86_64-debian-gcc, r-devel-linux-x86_64-fedora-clang, r-devel-linux-x86_64-fedora-gcc, r-devel-windows-ix86+x86_64, r-patched-linux-x86_64, r-patched-solaris-x86, r-release-linux-x86_64, r-release-windows-ix86+x86_64, r-release-osx-x86_64, r-oldrel-windows-ix86+x86_64, r-oldrel-osx-x86_64

Version: 0.5
Check: R code for possible problems
Result: NOTE
    rpart.rules.push: no visible global function definition for ‘sqlSave’
    rpart.rules.table : <anonymous>: no visible global function definition
     for ‘setNames’
    rpart.subrules.table : <anonymous>: no visible global function
     definition for ‘setNames’
    Undefined global functions or variables:
     setNames sqlSave
    Consider adding
     importFrom("stats", "setNames")
    to your NAMESPACE file.
Flavors: r-devel-linux-x86_64-debian-clang, r-devel-linux-x86_64-debian-gcc, r-devel-linux-x86_64-fedora-clang, r-devel-linux-x86_64-fedora-gcc, r-devel-windows-ix86+x86_64, r-patched-linux-x86_64, r-patched-solaris-x86, r-release-linux-x86_64, r-release-windows-ix86+x86_64, r-release-osx-x86_64, r-oldrel-windows-ix86+x86_64, r-oldrel-osx-x86_64

Version: 0.5
Check: package dependencies
Result: NOTE
    Package suggested but not available for checking: ‘RODBC’
Flavor: r-oldrel-osx-x86_64