CRAN Package Check Results for Package rpart.utils

Last updated on 2018-07-16 16:51:58 CEST.

Flavor Version Tinstall Tcheck Ttotal Status Flags
r-devel-linux-x86_64-debian-clang 0.5 0.75 16.45 17.20 NOTE
r-devel-linux-x86_64-debian-gcc 0.5 0.73 14.78 15.51 NOTE
r-devel-linux-x86_64-fedora-clang 0.5 22.48 NOTE
r-devel-linux-x86_64-fedora-gcc 0.5 21.30 NOTE
r-devel-windows-ix86+x86_64 0.5 6.00 49.00 55.00 NOTE
r-patched-linux-x86_64 0.5 1.08 17.47 18.55 NOTE
r-patched-solaris-x86 0.5 34.50 NOTE
r-release-linux-x86_64 0.5 0.74 17.45 18.19 NOTE
r-release-windows-ix86+x86_64 0.5 4.00 31.00 35.00 NOTE
r-release-osx-x86_64 0.5 NOTE
r-oldrel-windows-ix86+x86_64 0.5 2.00 28.00 30.00 NOTE
r-oldrel-osx-x86_64 0.5 NOTE

Check Details

Version: 0.5
Check: DESCRIPTION meta-information
Result: NOTE
    Malformed Title field: should not end in a period.
Flavors: r-devel-linux-x86_64-debian-clang, r-devel-linux-x86_64-debian-gcc, r-devel-linux-x86_64-fedora-clang, r-devel-linux-x86_64-fedora-gcc, r-devel-windows-ix86+x86_64, r-patched-linux-x86_64, r-patched-solaris-x86, r-release-linux-x86_64, r-release-windows-ix86+x86_64, r-release-osx-x86_64, r-oldrel-windows-ix86+x86_64, r-oldrel-osx-x86_64

Version: 0.5
Check: dependencies in R code
Result: NOTE
    'library' or 'require' call to ‘RODBC’ in package code.
     Please use :: or requireNamespace() instead.
     See section 'Suggested packages' in the 'Writing R Extensions' manual.
Flavors: r-devel-linux-x86_64-debian-clang, r-devel-linux-x86_64-debian-gcc, r-devel-linux-x86_64-fedora-clang, r-devel-linux-x86_64-fedora-gcc, r-devel-windows-ix86+x86_64, r-patched-linux-x86_64, r-patched-solaris-x86, r-release-linux-x86_64, r-release-windows-ix86+x86_64, r-release-osx-x86_64, r-oldrel-windows-ix86+x86_64, r-oldrel-osx-x86_64

Version: 0.5
Check: R code for possible problems
Result: NOTE
    rpart.rules.push: no visible global function definition for ‘sqlSave’
    rpart.rules.table : <anonymous>: no visible global function definition
     for ‘setNames’
    rpart.subrules.table : <anonymous>: no visible global function
     definition for ‘setNames’
    Undefined global functions or variables:
     setNames sqlSave
    Consider adding
     importFrom("stats", "setNames")
    to your NAMESPACE file.
Flavors: r-devel-linux-x86_64-debian-clang, r-devel-linux-x86_64-debian-gcc, r-devel-linux-x86_64-fedora-clang, r-devel-linux-x86_64-fedora-gcc, r-devel-windows-ix86+x86_64, r-patched-linux-x86_64, r-patched-solaris-x86, r-release-linux-x86_64, r-release-windows-ix86+x86_64, r-release-osx-x86_64, r-oldrel-windows-ix86+x86_64, r-oldrel-osx-x86_64

Version: 0.5
Check: package dependencies
Result: NOTE
    Package suggested but not available for checking: ‘RODBC’
Flavor: r-oldrel-osx-x86_64