CRAN Package Check Results for Package rpartScore

Last updated on 2018-12-18 14:47:36 CET.

Flavor Version Tinstall Tcheck Ttotal Status Flags
r-devel-linux-x86_64-debian-clang 1.0-1 1.22 37.58 38.80 NOTE
r-devel-linux-x86_64-debian-gcc 1.0-1 0.99 28.35 29.34 NOTE
r-devel-linux-x86_64-fedora-clang 1.0-1 44.28 NOTE
r-devel-linux-x86_64-fedora-gcc 1.0-1 41.13 NOTE
r-devel-windows-ix86+x86_64 1.0-1 5.00 61.00 66.00 NOTE
r-patched-linux-x86_64 1.0-1 1.09 34.70 35.79 NOTE
r-patched-solaris-x86 1.0-1 57.10 NOTE
r-release-linux-x86_64 1.0-1 1.34 35.30 36.64 NOTE
r-release-windows-ix86+x86_64 1.0-1 5.00 45.00 50.00 NOTE
r-release-osx-x86_64 1.0-1 NOTE
r-oldrel-windows-ix86+x86_64 1.0-1 4.00 53.00 57.00 NOTE
r-oldrel-osx-x86_64 1.0-1 NOTE

Check Details

Version: 1.0-1
Check: R code for possible problems
Result: NOTE
    evalMedian: no visible global function definition for ‘xtabs’
    evalMode: no visible global function definition for ‘xtabs’
    rpartScore: no visible global function definition for ‘model.extract’
    rpartScore: no visible global function definition for ‘var’
    rpartScore: no visible binding for global variable ‘var’
    splitAbs: no visible global function definition for ‘xtabs’
    Undefined global functions or variables:
     model.extract var xtabs
    Consider adding
     importFrom("stats", "model.extract", "var", "xtabs")
    to your NAMESPACE file.
Flavors: r-devel-linux-x86_64-debian-clang, r-devel-linux-x86_64-debian-gcc, r-devel-linux-x86_64-fedora-clang, r-devel-linux-x86_64-fedora-gcc, r-devel-windows-ix86+x86_64, r-patched-linux-x86_64, r-patched-solaris-x86, r-release-linux-x86_64, r-release-windows-ix86+x86_64, r-release-osx-x86_64, r-oldrel-windows-ix86+x86_64, r-oldrel-osx-x86_64