CRAN Package Check Results for Package rpartScore

Last updated on 2018-01-16 21:51:16 CET.

Flavor Version Tinstall Tcheck Ttotal Status Flags
r-devel-linux-x86_64-debian-clang 1.0-1 0.78 38.76 39.54 NOTE
r-devel-linux-x86_64-debian-gcc 1.0-1 0.57 28.02 28.59 NOTE
r-devel-linux-x86_64-fedora-clang 1.0-1 43.41 NOTE
r-devel-linux-x86_64-fedora-gcc 1.0-1 40.94 NOTE
r-devel-windows-ix86+x86_64 1.0-1 6.00 46.00 52.00 NOTE
r-patched-linux-x86_64 1.0-1 0.82 36.56 37.38 NOTE
r-patched-solaris-x86 1.0-1 55.20 NOTE
r-release-linux-x86_64 1.0-1 0.79 35.46 36.25 NOTE
r-release-windows-ix86+x86_64 1.0-1 4.00 58.00 62.00 NOTE
r-release-osx-x86_64 1.0-1 NOTE
r-oldrel-windows-ix86+x86_64 1.0-1 3.00 54.00 57.00 NOTE
r-oldrel-osx-x86_64 1.0-1 NOTE

Check Details

Version: 1.0-1
Check: R code for possible problems
Result: NOTE
    evalMedian: no visible global function definition for ‘xtabs’
    evalMode: no visible global function definition for ‘xtabs’
    rpartScore: no visible global function definition for ‘model.extract’
    rpartScore: no visible global function definition for ‘var’
    rpartScore: no visible binding for global variable ‘var’
    splitAbs: no visible global function definition for ‘xtabs’
    Undefined global functions or variables:
     model.extract var xtabs
    Consider adding
     importFrom("stats", "model.extract", "var", "xtabs")
    to your NAMESPACE file.
Flavors: r-devel-linux-x86_64-debian-clang, r-devel-linux-x86_64-debian-gcc, r-devel-linux-x86_64-fedora-clang, r-devel-linux-x86_64-fedora-gcc, r-devel-windows-ix86+x86_64, r-patched-linux-x86_64, r-patched-solaris-x86, r-release-linux-x86_64, r-release-windows-ix86+x86_64, r-release-osx-x86_64, r-oldrel-windows-ix86+x86_64, r-oldrel-osx-x86_64