CRAN Package Check Results for Package rpartScore

Last updated on 2022-12-07 09:52:28 CET.

Flavor Version Tinstall Tcheck Ttotal Status Flags
r-devel-linux-x86_64-debian-clang 1.0-2 2.36 37.06 39.42 OK
r-devel-linux-x86_64-debian-gcc 1.0-2 2.14 27.19 29.33 OK
r-devel-linux-x86_64-fedora-clang 1.0-2 58.08 OK
r-devel-linux-x86_64-fedora-gcc 1.0-2 56.66 OK
r-devel-windows-x86_64 1.0-2 24.00 62.00 86.00 OK
r-patched-linux-x86_64 1.0-2 1.79 34.67 36.46 OK
r-release-linux-x86_64 1.0-2 2.06 33.92 35.98 OK
r-release-macos-arm64 1.0-2 22.00 OK
r-release-macos-x86_64 1.0-2 26.00 OK
r-release-windows-x86_64 1.0-2 15.00 61.00 76.00 OK
r-oldrel-macos-arm64 1.0-1 21.00 NOTE
r-oldrel-macos-x86_64 1.0-1 36.00 NOTE
r-oldrel-windows-ix86+x86_64 1.0-1 5.00 62.00 67.00 NOTE

Check Details

Version: 1.0-1
Check: R code for possible problems
Result: NOTE
    evalMedian: no visible global function definition for ‘xtabs’
    evalMode: no visible global function definition for ‘xtabs’
    rpartScore: no visible global function definition for ‘model.extract’
    rpartScore: no visible global function definition for ‘var’
    rpartScore: no visible binding for global variable ‘var’
    splitAbs: no visible global function definition for ‘xtabs’
    Undefined global functions or variables:
     model.extract var xtabs
    Consider adding
     importFrom("stats", "model.extract", "var", "xtabs")
    to your NAMESPACE file.
Flavors: r-oldrel-macos-arm64, r-oldrel-macos-x86_64, r-oldrel-windows-ix86+x86_64