CRAN Package Check Results for Package rpm

Last updated on 2024-03-01 07:53:01 CET.

Flavor Version Tinstall Tcheck Ttotal Status Flags
r-devel-linux-x86_64-debian-clang 0.7-1 314.15 171.01 485.16 NOTE
r-devel-linux-x86_64-debian-gcc 0.7-1 236.07 125.35 361.42 NOTE
r-devel-linux-x86_64-fedora-clang 0.7-1 718.54 NOTE
r-devel-linux-x86_64-fedora-gcc 0.7-1 673.62 NOTE
r-devel-windows-x86_64 0.7-1 229.00 175.00 404.00 OK
r-patched-linux-x86_64 0.7-1 208.36 169.24 377.60 OK
r-release-linux-x86_64 0.7-1 220.68 171.58 392.26 OK
r-release-macos-arm64 0.7-1 139.00 NOTE
r-release-macos-x86_64 0.7-1 204.00 NOTE
r-release-windows-x86_64 0.7-1 301.00 202.00 503.00 OK
r-oldrel-macos-arm64 0.7-1 126.00 NOTE
r-oldrel-windows-x86_64 0.7-1 286.00 199.00 485.00 OK

Check Details

Version: 0.7-1
Check: Rd files
Result: NOTE checkRd: (-1) fauxmatching.Rd:16: Lost braces in \itemize; meant \describe ? checkRd: (-1) fauxmatching.Rd:17-18: Lost braces in \itemize; meant \describe ? checkRd: (-1) fauxmatching.Rd:48-49: Lost braces in \itemize; meant \describe ? checkRd: (-1) fauxmatching.Rd:50-51: Lost braces in \itemize; meant \describe ? checkRd: (-1) fauxmatching.Rd:52: Lost braces in \itemize; meant \describe ? checkRd: (-1) rpm.Rd:112-113: Lost braces in \itemize; meant \describe ? checkRd: (-1) rpm.Rd:114-115: Lost braces in \itemize; meant \describe ? checkRd: (-1) rpm.Rd:116: Lost braces in \itemize; meant \describe ? checkRd: (-1) rpm_MLPLE.Rd:110-111: Lost braces in \itemize; meant \describe ? checkRd: (-1) rpm_MLPLE.Rd:112-113: Lost braces in \itemize; meant \describe ? checkRd: (-1) rpm_MLPLE.Rd:114: Lost braces in \itemize; meant \describe ? checkRd: (-1) summary_rpm.Rd:95-96: Lost braces in \itemize; meant \describe ? checkRd: (-1) summary_rpm.Rd:97-98: Lost braces in \itemize; meant \describe ? checkRd: (-1) summary_rpm.Rd:99: Lost braces in \itemize; meant \describe ? Flavors: r-devel-linux-x86_64-debian-clang, r-devel-linux-x86_64-debian-gcc, r-devel-linux-x86_64-fedora-clang, r-devel-linux-x86_64-fedora-gcc

Version: 0.7-1
Check: installed package size
Result: NOTE installed size is 5.3Mb sub-directories of 1Mb or more: libs 4.8Mb Flavors: r-release-macos-arm64, r-release-macos-x86_64, r-oldrel-macos-arm64