CRAN Package Check Results for Package rpostgis

Last updated on 2020-01-21 23:51:07 CET.

Flavor Version Tinstall Tcheck Ttotal Status Flags
r-devel-linux-x86_64-debian-clang 1.4.3 14.21 88.46 102.67 OK
r-devel-linux-x86_64-debian-gcc 1.4.3 9.78 67.68 77.46 OK
r-devel-linux-x86_64-fedora-clang 1.4.3 119.08 OK
r-devel-linux-x86_64-fedora-gcc 1.4.3 117.64 OK
r-devel-windows-ix86+x86_64 1.4.3 28.00 97.00 125.00 OK
r-devel-windows-ix86+x86_64-gcc8 1.4.3 28.00 109.00 137.00 OK
r-patched-linux-x86_64 1.4.3 10.39 75.86 86.25 OK
r-patched-solaris-x86 1.4.3 150.20 NOTE
r-release-linux-x86_64 1.4.3 11.01 75.80 86.81 OK
r-release-windows-ix86+x86_64 1.4.3 23.00 113.00 136.00 OK
r-release-osx-x86_64 1.4.3 OK
r-oldrel-windows-ix86+x86_64 1.4.3 10.00 100.00 110.00 OK
r-oldrel-osx-x86_64 1.4.3 OK

Check Details

Version: 1.4.3
Check: package dependencies
Result: NOTE
    Package suggested but not available for checking: ‘RPostgres’
Flavor: r-patched-solaris-x86