CRAN Package Check Results for Package rprime

Last updated on 2018-05-24 09:49:56 CEST.

Flavor Version Tinstall Tcheck Ttotal Status Flags
r-devel-linux-x86_64-debian-clang 0.1.0 1.62 33.60 35.22 NOTE
r-devel-linux-x86_64-debian-gcc 0.1.0 1.48 28.59 30.07 NOTE
r-devel-linux-x86_64-fedora-clang 0.1.0 45.12 NOTE
r-devel-linux-x86_64-fedora-gcc 0.1.0 42.89 NOTE
r-devel-windows-ix86+x86_64 0.1.0 4.00 66.00 70.00 NOTE
r-patched-linux-x86_64 0.1.0 1.74 33.94 35.68 NOTE
r-patched-solaris-x86 0.1.0 65.40 NOTE
r-release-linux-x86_64 0.1.0 1.72 33.51 35.23 NOTE
r-release-windows-ix86+x86_64 0.1.0 5.00 67.00 72.00 NOTE
r-release-osx-x86_64 0.1.0 NOTE
r-oldrel-windows-ix86+x86_64 0.1.0 7.00 48.00 55.00 NOTE
r-oldrel-osx-x86_64 0.1.0 NOTE

Check Details

Version: 0.1.0
Check: R code for possible problems
Result: NOTE
    but_last: no visible global function definition for ‘head’
    first: no visible global function definition for ‘head’
    last: no visible global function definition for ‘tail’
    preview_frames: no visible global function definition for ‘str’
    print.EprimeFrame: no visible global function definition for ‘str’
    print.FrameList: no visible global function definition for ‘str’
    Undefined global functions or variables:
     head str tail
    Consider adding
     importFrom("utils", "head", "str", "tail")
    to your NAMESPACE file.
Flavors: r-devel-linux-x86_64-debian-clang, r-devel-linux-x86_64-debian-gcc, r-devel-linux-x86_64-fedora-clang, r-devel-linux-x86_64-fedora-gcc, r-devel-windows-ix86+x86_64, r-patched-linux-x86_64, r-patched-solaris-x86, r-release-linux-x86_64, r-release-windows-ix86+x86_64, r-release-osx-x86_64, r-oldrel-windows-ix86+x86_64, r-oldrel-osx-x86_64