CRAN Package Check Results for Package rprime

Last updated on 2020-05-29 17:49:16 CEST.

Flavor Version Tinstall Tcheck Ttotal Status Flags
r-devel-linux-x86_64-debian-clang 0.1.0 2.97 42.08 45.05 NOTE
r-devel-linux-x86_64-debian-gcc 0.1.0 2.55 32.67 35.22 NOTE
r-devel-linux-x86_64-fedora-clang 0.1.0 54.66 NOTE
r-devel-linux-x86_64-fedora-gcc 0.1.0 55.35 NOTE
r-devel-windows-ix86+x86_64 0.1.0 9.00 98.00 107.00 NOTE
r-patched-linux-x86_64 0.1.0 3.30 42.17 45.47 NOTE
r-patched-solaris-x86 0.1.0 79.80 NOTE
r-release-linux-x86_64 0.1.0 3.16 41.39 44.55 NOTE
r-release-osx-x86_64 0.1.0 NOTE
r-release-windows-ix86+x86_64 0.1.0 7.00 116.00 123.00 NOTE
r-oldrel-osx-x86_64 0.1.0 NOTE
r-oldrel-windows-ix86+x86_64 0.1.0 8.00 55.00 63.00 NOTE

Check Details

Version: 0.1.0
Check: R code for possible problems
Result: NOTE
    but_last: no visible global function definition for 'head'
    first: no visible global function definition for 'head'
    last: no visible global function definition for 'tail'
    preview_frames: no visible global function definition for 'str'
    print.EprimeFrame: no visible global function definition for 'str'
    print.FrameList: no visible global function definition for 'str'
    Undefined global functions or variables:
     head str tail
    Consider adding
     importFrom("utils", "head", "str", "tail")
    to your NAMESPACE file.
Flavors: r-devel-linux-x86_64-debian-clang, r-devel-linux-x86_64-debian-gcc, r-devel-linux-x86_64-fedora-clang, r-devel-linux-x86_64-fedora-gcc, r-devel-windows-ix86+x86_64, r-patched-linux-x86_64, r-patched-solaris-x86, r-release-linux-x86_64, r-release-osx-x86_64, r-release-windows-ix86+x86_64, r-oldrel-osx-x86_64, r-oldrel-windows-ix86+x86_64