CRAN Package Check Results for Package rprime

Last updated on 2018-08-20 07:47:56 CEST.

Flavor Version Tinstall Tcheck Ttotal Status Flags
r-devel-linux-x86_64-debian-clang 0.1.0 2.01 36.89 38.90 NOTE
r-devel-linux-x86_64-debian-gcc 0.1.0 1.64 30.43 32.07 NOTE
r-devel-linux-x86_64-fedora-clang 0.1.0 46.20 NOTE
r-devel-linux-x86_64-fedora-gcc 0.1.0 45.56 NOTE
r-devel-windows-ix86+x86_64 0.1.0 5.00 82.00 87.00 NOTE
r-patched-linux-x86_64 0.1.0 1.78 34.02 35.80 NOTE
r-patched-solaris-x86 0.1.0 66.80 NOTE
r-release-linux-x86_64 0.1.0 1.89 33.82 35.71 NOTE
r-release-windows-ix86+x86_64 0.1.0 5.00 47.00 52.00 NOTE
r-release-osx-x86_64 0.1.0 NOTE
r-oldrel-windows-ix86+x86_64 0.1.0 4.00 75.00 79.00 NOTE
r-oldrel-osx-x86_64 0.1.0 NOTE

Check Details

Version: 0.1.0
Check: R code for possible problems
Result: NOTE
    but_last: no visible global function definition for ‘head’
    first: no visible global function definition for ‘head’
    last: no visible global function definition for ‘tail’
    preview_frames: no visible global function definition for ‘str’
    print.EprimeFrame: no visible global function definition for ‘str’
    print.FrameList: no visible global function definition for ‘str’
    Undefined global functions or variables:
     head str tail
    Consider adding
     importFrom("utils", "head", "str", "tail")
    to your NAMESPACE file.
Flavors: r-devel-linux-x86_64-debian-clang, r-devel-linux-x86_64-debian-gcc, r-devel-linux-x86_64-fedora-clang, r-devel-linux-x86_64-fedora-gcc, r-devel-windows-ix86+x86_64, r-patched-linux-x86_64, r-patched-solaris-x86, r-release-linux-x86_64, r-release-windows-ix86+x86_64, r-release-osx-x86_64, r-oldrel-windows-ix86+x86_64, r-oldrel-osx-x86_64