Last updated on 2022-08-13 07:11:45 CEST.
Flavor | Version | Tinstall | Tcheck | Ttotal | Status | Flags |
---|---|---|---|---|---|---|
r-devel-linux-x86_64-debian-clang | 0.1.2 | 3.26 | 46.77 | 50.03 | NOTE | |
r-devel-linux-x86_64-debian-gcc | 0.1.2 | 2.31 | 35.46 | 37.77 | NOTE | |
r-devel-linux-x86_64-fedora-clang | 0.1.2 | 70.11 | NOTE | |||
r-devel-linux-x86_64-fedora-gcc | 0.1.2 | 67.60 | NOTE | |||
r-devel-windows-x86_64 | 0.1.2 | 11.00 | 79.00 | 90.00 | NOTE | |
r-patched-linux-x86_64 | 0.1.2 | 5.74 | 45.60 | 51.34 | NOTE | |
r-release-linux-x86_64 | 0.1.2 | 2.94 | 44.89 | 47.83 | NOTE | |
r-release-macos-arm64 | 0.1.2 | 24.00 | NOTE | |||
r-release-macos-x86_64 | 0.1.2 | 32.00 | NOTE | |||
r-release-windows-x86_64 | 0.1.2 | 17.00 | 81.00 | 98.00 | NOTE | |
r-oldrel-macos-arm64 | 0.1.2 | 28.00 | NOTE | |||
r-oldrel-macos-x86_64 | 0.1.2 | 44.00 | NOTE | |||
r-oldrel-windows-ix86+x86_64 | 0.1.2 | 8.00 | 66.00 | 74.00 | NOTE |
Version: 0.1.2
Check: LazyData
Result: NOTE
'LazyData' is specified without a 'data' directory
Flavors: r-devel-linux-x86_64-debian-clang, r-devel-linux-x86_64-debian-gcc, r-devel-linux-x86_64-fedora-clang, r-devel-linux-x86_64-fedora-gcc, r-devel-windows-x86_64, r-patched-linux-x86_64, r-release-linux-x86_64, r-release-macos-arm64, r-release-macos-x86_64, r-release-windows-x86_64, r-oldrel-macos-arm64, r-oldrel-macos-x86_64, r-oldrel-windows-ix86+x86_64