CRAN Package Check Results for Package rprime

Last updated on 2018-11-15 14:47:29 CET.

Flavor Version Tinstall Tcheck Ttotal Status Flags
r-devel-linux-x86_64-debian-clang 0.1.0 1.94 37.99 39.93 NOTE
r-devel-linux-x86_64-debian-gcc 0.1.0 1.63 30.08 31.71 NOTE
r-devel-linux-x86_64-fedora-clang 0.1.0 46.71 NOTE
r-devel-linux-x86_64-fedora-gcc 0.1.0 45.53 NOTE
r-devel-windows-ix86+x86_64 0.1.0 3.00 73.00 76.00 NOTE
r-patched-linux-x86_64 0.1.0 1.73 33.84 35.57 NOTE
r-patched-solaris-x86 0.1.0 65.20 NOTE
r-release-linux-x86_64 0.1.0 1.87 34.01 35.88 NOTE
r-release-windows-ix86+x86_64 0.1.0 7.00 71.00 78.00 NOTE
r-release-osx-x86_64 0.1.0 NOTE
r-oldrel-windows-ix86+x86_64 0.1.0 6.00 74.00 80.00 NOTE
r-oldrel-osx-x86_64 0.1.0 NOTE

Check Details

Version: 0.1.0
Check: R code for possible problems
Result: NOTE
    but_last: no visible global function definition for ‘head’
    first: no visible global function definition for ‘head’
    last: no visible global function definition for ‘tail’
    preview_frames: no visible global function definition for ‘str’
    print.EprimeFrame: no visible global function definition for ‘str’
    print.FrameList: no visible global function definition for ‘str’
    Undefined global functions or variables:
     head str tail
    Consider adding
     importFrom("utils", "head", "str", "tail")
    to your NAMESPACE file.
Flavors: r-devel-linux-x86_64-debian-clang, r-devel-linux-x86_64-debian-gcc, r-devel-linux-x86_64-fedora-clang, r-devel-linux-x86_64-fedora-gcc, r-devel-windows-ix86+x86_64, r-patched-linux-x86_64, r-patched-solaris-x86, r-release-linux-x86_64, r-release-windows-ix86+x86_64, r-release-osx-x86_64, r-oldrel-windows-ix86+x86_64, r-oldrel-osx-x86_64