CRAN Package Check Results for Package rprime

Last updated on 2018-02-25 11:48:17 CET.

Flavor Version Tinstall Tcheck Ttotal Status Flags
r-devel-linux-x86_64-debian-clang 0.1.0 1.24 33.86 35.10 NOTE
r-devel-linux-x86_64-debian-gcc 0.1.0 1.36 27.01 28.37 NOTE
r-devel-linux-x86_64-fedora-clang 0.1.0 41.95 NOTE
r-devel-linux-x86_64-fedora-gcc 0.1.0 40.92 NOTE
r-devel-windows-ix86+x86_64 0.1.0 7.00 65.00 72.00 NOTE
r-patched-linux-x86_64 0.1.0 1.16 38.77 39.93 NOTE
r-patched-solaris-x86 0.1.0 63.60 NOTE
r-release-linux-x86_64 0.1.0 1.39 39.45 40.84 NOTE
r-release-windows-ix86+x86_64 0.1.0 3.00 66.00 69.00 NOTE
r-release-osx-x86_64 0.1.0 NOTE
r-oldrel-windows-ix86+x86_64 0.1.0 4.00 45.00 49.00 NOTE
r-oldrel-osx-x86_64 0.1.0 NOTE

Check Details

Version: 0.1.0
Check: R code for possible problems
Result: NOTE
    but_last: no visible global function definition for ‘head’
    first: no visible global function definition for ‘head’
    last: no visible global function definition for ‘tail’
    preview_frames: no visible global function definition for ‘str’
    print.EprimeFrame: no visible global function definition for ‘str’
    print.FrameList: no visible global function definition for ‘str’
    Undefined global functions or variables:
     head str tail
    Consider adding
     importFrom("utils", "head", "str", "tail")
    to your NAMESPACE file.
Flavors: r-devel-linux-x86_64-debian-clang, r-devel-linux-x86_64-debian-gcc, r-devel-linux-x86_64-fedora-clang, r-devel-linux-x86_64-fedora-gcc, r-devel-windows-ix86+x86_64, r-patched-linux-x86_64, r-patched-solaris-x86, r-release-linux-x86_64, r-release-windows-ix86+x86_64, r-release-osx-x86_64, r-oldrel-windows-ix86+x86_64, r-oldrel-osx-x86_64