CRAN Package Check Results for Package rprojroot

Last updated on 2019-03-23 10:47:22 CET.

Flavor Version Tinstall Tcheck Ttotal Status Flags
r-devel-linux-x86_64-debian-clang 1.3-2 2.15 22.83 24.98 OK
r-devel-linux-x86_64-debian-gcc 1.3-2 1.71 18.49 20.20 OK
r-devel-linux-x86_64-fedora-clang 1.3-2 30.77 OK
r-devel-linux-x86_64-fedora-gcc 1.3-2 29.35 OK
r-devel-windows-ix86+x86_64 1.3-2 14.00 46.00 60.00 OK
r-patched-linux-x86_64 1.3-2 1.53 21.31 22.84 OK
r-patched-solaris-x86 1.3-2 42.40 OK
r-release-linux-x86_64 1.3-2 0.29 2.29 2.58 ERROR
r-release-windows-ix86+x86_64 1.3-2 4.00 36.00 40.00 OK
r-release-osx-x86_64 1.3-2 ERROR
r-oldrel-windows-ix86+x86_64 1.3-2 3.00 51.00 54.00 OK
r-oldrel-osx-x86_64 1.3-2 OK

Check Details

Version: 1.3-2
Check: whether package can be installed
Result: ERROR
    Installation failed.
Flavor: r-release-linux-x86_64

Version: 1.3-2
Check: tests
Result: ERROR
     Running ‘testthat.R’ [2s/2s]
    Running the tests in ‘tests/testthat.R’ failed.
    Last 13 lines of output:
     11: stringr::str_trim
     12: getExportedValue(pkg, name)
     13: asNamespace(ns)
     14: getNamespace(ns)
     15: tryCatch(loadNamespace(name), error = function(e) stop(e))
     16: tryCatchList(expr, classes, parentenv, handlers)
     17: tryCatchOne(expr, names, parentenv, handlers[[1L]])
     18: value[[3L]](cond)
    
     ══ testthat results ═══════════════════════════════════════════════════════════
     OK: 73 SKIPPED: 8 FAILED: 1
     1. Error: thisfile works with knitr (@test-thisfile.R#28)
    
     Error: testthat unit tests failed
     Execution halted
Flavor: r-release-osx-x86_64

Version: 1.3-2
Check: re-building of vignette outputs
Result: WARN
    Error in re-building vignettes:
     ...
    Warning in engine$weave(file, quiet = quiet, encoding = enc) :
     Pandoc (>= 1.12.3) and/or pandoc-citeproc not available. Falling back to R Markdown v1.
    Error: processing vignette 'rprojroot.Rmd' failed with diagnostics:
    shared object 'stringi.so' not found
    Execution halted
Flavor: r-release-osx-x86_64