CRAN Package Check Results for Package rprojroot

Last updated on 2019-05-27 06:50:09 CEST.

Flavor Version Tinstall Tcheck Ttotal Status Flags
r-devel-linux-x86_64-debian-clang 1.3-2 1.91 22.68 24.59 OK
r-devel-linux-x86_64-debian-gcc 1.3-2 1.57 18.60 20.17 OK
r-devel-linux-x86_64-fedora-clang 1.3-2 30.88 OK
r-devel-linux-x86_64-fedora-gcc 1.3-2 29.68 OK
r-devel-windows-ix86+x86_64 1.3-2 6.00 50.00 56.00 OK
r-patched-linux-x86_64 1.3-2 OK
r-patched-solaris-x86 1.3-2 45.90 OK
r-release-linux-x86_64 1.3-2 1.86 22.71 24.57 OK
r-release-windows-ix86+x86_64 1.3-2 10.00 50.00 60.00 OK
r-release-osx-x86_64 1.3-2 OK
r-oldrel-windows-ix86+x86_64 1.3-2 7.00 35.00 42.00 OK
r-oldrel-osx-x86_64 1.3-2 ERROR

Check Details

Version: 1.3-2
Check: tests
Result: ERROR
     Running ‘testthat.R’ [2s/2s]
    Running the tests in ‘tests/testthat.R’ failed.
    Last 13 lines of output:
     11: stringr::str_trim
     12: getExportedValue(pkg, name)
     13: asNamespace(ns)
     14: getNamespace(ns)
     15: tryCatch(loadNamespace(name), error = function(e) stop(e))
     16: tryCatchList(expr, classes, parentenv, handlers)
     17: tryCatchOne(expr, names, parentenv, handlers[[1L]])
     18: value[[3L]](cond)
    
     ══ testthat results ═══════════════════════════════════════════════════════════
     OK: 73 SKIPPED: 8 FAILED: 1
     1. Error: thisfile works with knitr (@test-thisfile.R#28)
    
     Error: testthat unit tests failed
     Execution halted
Flavor: r-oldrel-osx-x86_64

Version: 1.3-2
Check: re-building of vignette outputs
Result: WARN
    Error in re-building vignettes:
     ...
    Warning in engine$weave(file, quiet = quiet, encoding = enc) :
     Pandoc (>= 1.12.3) and/or pandoc-citeproc not available. Falling back to R Markdown v1.
    Error: processing vignette 'rprojroot.Rmd' failed with diagnostics:
    shared object 'stringi.so' not found
    Execution halted
Flavor: r-oldrel-osx-x86_64