CRAN Package Check Results for Package rpymat

Last updated on 2022-08-10 17:50:16 CEST.

Flavor Version Tinstall Tcheck Ttotal Status Flags
r-devel-linux-x86_64-debian-clang 0.1.3 5.14 48.53 53.67 OK
r-devel-linux-x86_64-debian-gcc 0.1.3 4.32 36.39 40.71 OK
r-devel-linux-x86_64-fedora-clang 0.1.3 78.63 OK
r-devel-linux-x86_64-fedora-gcc 0.1.3 72.64 OK
r-devel-windows-x86_64 0.1.3 11.00 73.00 84.00 OK
r-patched-linux-x86_64 0.1.3 4.69 45.42 50.11 OK
r-release-linux-x86_64 0.1.3 OK
r-release-macos-arm64 0.1.2 14.00 NOTE
r-release-macos-x86_64 0.1.3 34.00 OK
r-release-windows-x86_64 0.1.3 12.00 71.00 83.00 OK
r-oldrel-macos-arm64 0.1.2 15.00 NOTE
r-oldrel-macos-x86_64 0.1.3 31.00 OK
r-oldrel-windows-ix86+x86_64 0.1.3 13.00 63.00 76.00 OK

Check Details

Version: 0.1.2
Check: dependencies in R code
Result: NOTE
    Namespace in Imports field not imported from: ‘IRkernel’
     All declared Imports should be used.
Flavors: r-release-macos-arm64, r-oldrel-macos-arm64