CRAN Package Check Results for Package rr

Last updated on 2019-09-18 14:47:59 CEST.

Flavor Version Tinstall Tcheck Ttotal Status Flags
r-devel-linux-x86_64-debian-clang 1.4 11.41 87.89 99.30 OK
r-devel-linux-x86_64-debian-gcc 1.4 10.53 69.02 79.55 OK
r-devel-linux-x86_64-fedora-clang 1.4 122.28 NOTE
r-devel-linux-x86_64-fedora-gcc 1.4 121.87 NOTE
r-devel-windows-ix86+x86_64 1.4 39.00 172.00 211.00 OK
r-patched-linux-x86_64 1.4 12.17 87.74 99.91 OK
r-patched-solaris-x86 1.4 187.80 OK
r-release-linux-x86_64 1.4 11.17 88.59 99.76 OK
r-release-windows-ix86+x86_64 1.4 28.00 203.00 231.00 OK
r-release-osx-x86_64 1.4 OK
r-oldrel-windows-ix86+x86_64 1.4 20.00 153.00 173.00 OK
r-oldrel-osx-x86_64 1.4 OK

Check Details

Version: 1.4
Check: compiled code
Result: NOTE
    File ‘rr/libs/rr.so’:
     Found no calls to: ‘R_registerRoutines’, ‘R_useDynamicSymbols’
    
    It is good practice to register native routines and to disable symbol
    search.
    
    See ‘Writing portable packages’ in the ‘Writing R Extensions’ manual.
Flavors: r-devel-linux-x86_64-fedora-clang, r-devel-linux-x86_64-fedora-gcc