CRAN Package Check Results for Package rr

Last updated on 2020-02-20 21:47:41 CET.

Flavor Version Tinstall Tcheck Ttotal Status Flags
r-devel-linux-x86_64-debian-clang 1.4 14.02 100.51 114.53 OK
r-devel-linux-x86_64-debian-gcc 1.4 10.47 75.05 85.52 OK
r-devel-linux-x86_64-fedora-clang 1.4 140.48 NOTE
r-devel-linux-x86_64-fedora-gcc 1.4 136.25 NOTE
r-devel-windows-ix86+x86_64 1.4 27.00 171.00 198.00 OK
r-devel-windows-ix86+x86_64-gcc8 1.4 41.00 186.00 227.00 OK
r-patched-linux-x86_64 1.4 10.51 87.82 98.33 OK
r-patched-solaris-x86 1.4 190.90 OK
r-release-linux-x86_64 1.4 10.70 89.23 99.93 OK
r-release-windows-ix86+x86_64 1.4 25.00 177.00 202.00 OK
r-release-osx-x86_64 1.4 OK
r-oldrel-windows-ix86+x86_64 1.4 19.00 152.00 171.00 OK
r-oldrel-osx-x86_64 1.4 OK

Check Details

Version: 1.4
Check: compiled code
Result: NOTE
    File ‘rr/libs/rr.so’:
     Found no calls to: ‘R_registerRoutines’, ‘R_useDynamicSymbols’
    
    It is good practice to register native routines and to disable symbol
    search.
    
    See ‘Writing portable packages’ in the ‘Writing R Extensions’ manual.
Flavors: r-devel-linux-x86_64-fedora-clang, r-devel-linux-x86_64-fedora-gcc