CRAN Package Check Results for Package rr

Last updated on 2021-01-23 20:47:00 CET.

Flavor Version Tinstall Tcheck Ttotal Status Flags
r-devel-linux-x86_64-debian-clang 1.4 16.70 134.65 151.35 OK
r-devel-linux-x86_64-debian-gcc 1.4 11.88 100.28 112.16 OK
r-devel-linux-x86_64-fedora-clang 1.4 189.46 NOTE
r-devel-linux-x86_64-fedora-gcc 1.4 177.26 NOTE
r-devel-windows-ix86+x86_64 1.4 42.00 193.00 235.00 OK
r-patched-linux-x86_64 1.4 10.34 122.92 133.26 OK
r-patched-solaris-x86 1.4 263.50 OK
r-release-linux-x86_64 1.4 10.17 123.46 133.63 OK
r-release-macos-x86_64 1.4 OK
r-release-windows-ix86+x86_64 1.4 45.00 247.00 292.00 OK
r-oldrel-macos-x86_64 1.4 OK
r-oldrel-windows-ix86+x86_64 1.4 29.00 240.00 269.00 OK

Check Details

Version: 1.4
Check: compiled code
Result: NOTE
    File ‘rr/libs/rr.so’:
     Found no calls to: ‘R_registerRoutines’, ‘R_useDynamicSymbols’
    
    It is good practice to register native routines and to disable symbol
    search.
    
    See ‘Writing portable packages’ in the ‘Writing R Extensions’ manual.
Flavors: r-devel-linux-x86_64-fedora-clang, r-devel-linux-x86_64-fedora-gcc