Last updated on 2023-12-05 05:49:23 CET.
Flavor | Version | Tinstall | Tcheck | Ttotal | Status | Flags |
---|---|---|---|---|---|---|
r-devel-linux-x86_64-debian-clang | 0.9.7.3.1 | 124.41 | 86.57 | 210.98 | NOTE | |
r-devel-linux-x86_64-debian-gcc | 0.9.7.3.1 | 77.69 | 64.48 | 142.17 | NOTE | |
r-devel-linux-x86_64-fedora-clang | 0.9.7.3.1 | 307.14 | OK | |||
r-devel-linux-x86_64-fedora-gcc | 0.9.7.3.1 | 297.69 | OK | |||
r-devel-windows-x86_64 | 0.9.7.3.1 | 90.00 | 114.00 | 204.00 | OK | |
r-patched-linux-x86_64 | 0.9.7.3.1 | 98.07 | 81.29 | 179.36 | OK | |
r-release-linux-x86_64 | 0.9.7.3.1 | 96.51 | 80.71 | 177.22 | OK | |
r-release-macos-arm64 | 0.9.7.3.1 | 81.00 | OK | |||
r-release-macos-x86_64 | 0.9.7.3.1 | 140.00 | OK | |||
r-release-windows-x86_64 | 0.9.7.3.1 | 117.00 | 126.00 | 243.00 | OK | |
r-oldrel-macos-arm64 | 0.9.7.3.1 | 70.00 | OK | |||
r-oldrel-macos-x86_64 | 0.9.7.3.1 | 133.00 | OK | |||
r-oldrel-windows-x86_64 | 0.9.7.3.1 | 108.00 | 126.00 | 234.00 | OK |
Version: 0.9.7.3.1
Check: Rd files
Result: NOTE
checkRd: (-1) rrecsys.Rd:72: Lost braces; missing escapes or markup?
72 | The average deviation rating $dev_{ij}$ between co-rated items is defined by:
| ^
checkRd: (-1) rrecsys.Rd:76: Lost braces; missing escapes or markup?
76 | Where $c_{ij}$ is the number of co-ratings between items $i$ and $j$ and $r_{ui}$ is an existing rating for user $u$ on item $i$. The Weighted Slope One takes into account both, information from users who rated the same item and the number of observed ratings.
| ^
checkRd: (-1) rrecsys.Rd:76: Lost braces; missing escapes or markup?
76 | Where $c_{ij}$ is the number of co-ratings between items $i$ and $j$ and $r_{ui}$ is an existing rating for user $u$ on item $i$. The Weighted Slope One takes into account both, information from users who rated the same item and the number of observed ratings.
| ^
Flavors: r-devel-linux-x86_64-debian-clang, r-devel-linux-x86_64-debian-gcc