CRAN Package Check Results for Package rrscale

Last updated on 2020-02-27 17:51:08 CET.

Flavor Version Tinstall Tcheck Ttotal Status Flags
r-devel-linux-x86_64-debian-clang 0.1.3 3.08 36.13 39.21 NOTE
r-devel-linux-x86_64-debian-gcc 0.1.3 2.40 27.68 30.08 NOTE
r-devel-linux-x86_64-fedora-clang 0.1.3 48.26 NOTE
r-devel-linux-x86_64-fedora-gcc 0.1.3 45.33 NOTE
r-devel-windows-ix86+x86_64 0.1.3 6.00 50.00 56.00 NOTE
r-devel-windows-ix86+x86_64-gcc8 0.1.3 6.00 46.00 52.00 NOTE
r-patched-linux-x86_64 0.1.3 2.34 32.83 35.17 OK
r-patched-solaris-x86 0.1.3 64.40 NOTE
r-release-linux-x86_64 0.1.3 1.69 33.15 34.84 OK
r-release-windows-ix86+x86_64 0.1.3 6.00 42.00 48.00 OK
r-release-osx-x86_64 0.1.3 NOTE
r-oldrel-windows-ix86+x86_64 0.1.3 3.00 47.00 50.00 OK
r-oldrel-osx-x86_64 0.1.3 NOTE

Check Details

Version: 0.1.3
Check: package vignettes
Result: NOTE
    Package vignette with placeholder title 'Vignette Title':
     'rescaling_data.Rmd'
Flavors: r-devel-linux-x86_64-debian-clang, r-devel-linux-x86_64-debian-gcc, r-devel-windows-ix86+x86_64, r-devel-windows-ix86+x86_64-gcc8

Version: 0.1.3
Check: dependencies in R code
Result: NOTE
    Namespace in Imports field not imported from: ‘abind’
     All declared Imports should be used.
Flavors: r-devel-linux-x86_64-fedora-clang, r-devel-linux-x86_64-fedora-gcc, r-patched-solaris-x86, r-release-osx-x86_64, r-oldrel-osx-x86_64