CRAN Package Check Results for Package rsconnect

Last updated on 2021-05-18 17:48:24 CEST.

Flavor Version Tinstall Tcheck Ttotal Status Flags
r-devel-linux-x86_64-debian-clang 0.8.17 6.61 52.85 59.46 OK
r-devel-linux-x86_64-debian-gcc 0.8.17 6.00 39.80 45.80 OK
r-devel-linux-x86_64-fedora-clang 0.8.17 79.40 NOTE
r-devel-linux-x86_64-fedora-gcc 0.8.17 68.39 OK
r-devel-windows-ix86+x86_64 0.8.17 13.00 58.00 71.00 OK
r-devel-windows-x86_64-gcc10-UCRT 0.8.17 OK
r-patched-linux-x86_64 0.8.17 8.07 50.62 58.69 OK
r-patched-solaris-x86 0.8.17 90.50 OK
r-release-linux-x86_64 0.8.17 6.38 48.48 54.86 OK
r-release-macos-x86_64 0.8.17 OK
r-release-windows-ix86+x86_64 0.8.17 9.00 58.00 67.00 OK
r-oldrel-macos-x86_64 0.8.17 ERROR
r-oldrel-windows-ix86+x86_64 0.8.17 10.00 68.00 78.00 OK

Check Details

Version: 0.8.17
Check: Rd cross-references
Result: NOTE
    Undeclared packages ‘keras’, ‘tensorflow’, ‘devtools’ in Rd xrefs
Flavor: r-devel-linux-x86_64-fedora-clang

Version: 0.8.17
Check: tests
Result: ERROR
     Running ‘testthat.R’ [4s/6s]
    Running the tests in ‘tests/testthat.R’ failed.
    Last 13 lines of output:
     cannot create dir '/Users/urbanek/Library/Application Support/R/rsconnect', reason 'No such file or directory'
     > configDirExists <- file.exists(configDir)
     >
     > test_check("rsconnect")
     ══ Skipped tests ═══════════════════════════════════════════════════════════════
     • On CRAN (25)
    
     ══ Failed tests ════════════════════════════════════════════════════════════════
     ── Failure (test-lint.R:18:3): linter warns about absolute paths and relative paths ──
     as.numeric(absPathLintedIndices) not identical to 15.
     Lengths differ: 0 is not 1
    
     [ FAIL 1 | WARN 1 | SKIP 25 | PASS 276 ]
     Error: Test failures
     Execution halted
Flavor: r-oldrel-macos-x86_64