CRAN Package Check Results for Package rsconnect

Last updated on 2019-08-23 13:47:03 CEST.

Flavor Version Tinstall Tcheck Ttotal Status Flags
r-devel-linux-x86_64-debian-clang 0.8.15 5.88 37.72 43.60 OK
r-devel-linux-x86_64-debian-gcc 0.8.15 OK
r-devel-linux-x86_64-fedora-clang 0.8.15 53.96 OK
r-devel-linux-x86_64-fedora-gcc 0.8.15 51.82 OK
r-devel-windows-ix86+x86_64 0.8.15 10.00 81.00 91.00 OK
r-patched-linux-x86_64 0.8.15 5.72 37.32 43.04 OK
r-patched-solaris-x86 0.8.15 63.30 ERROR
r-release-linux-x86_64 0.8.15 6.78 37.75 44.53 OK
r-release-windows-ix86+x86_64 0.8.15 14.00 67.00 81.00 OK
r-release-osx-x86_64 0.8.15 OK
r-oldrel-windows-ix86+x86_64 0.8.15 11.00 72.00 83.00 OK
r-oldrel-osx-x86_64 0.8.15 OK

Check Details

Version: 0.8.15
Check: tests
Result: ERROR
     Running ‘testthat.R’ [0m/180m]
    Running the tests in ‘tests/testthat.R’ failed.
    Complete output:
     > library(testthat)
     > library(rsconnect)
     >
     > test_check("rsconnect")
    
     ── 1. Error: simple http GET works (@test-http.R#87) ──────────────────────────
     Operation was aborted by an application callback
     1: GET(service = service, authInfo = NULL, query = NULL, path = "test") at testthat/test-http.R:87
     2: httpRequest(service, authInfo, "GET", path, query, headers, timeout)
     3: httpInvokeRequest(..., http = httpFunction())
     4: http(service$protocol, service$host, service$port, method, url, headers, timeout = timeout,
     certificate = certificate)
     5: system.time(gcFirst = FALSE, tryCatch({
     response <- curl::curl_fetch_memory(url, handle = handle)
     }, error = function(e, ...) {
     if (identical(e$message, "Callback aborted") || identical(e$message, "transfer closed with outstanding read data remaining"))
     return(NULL)
     else stop(e)
     }))
     6: tryCatch({
     response <- curl::curl_fetch_memory(url, handle = handle)
     }, error = function(e, ...) {
     if (identical(e$message, "Callback aborted") || identical(e$message, "transfer closed with outstanding read data remaining"))
     return(NULL)
     else stop(e)
     })
     7: tryCatchList(expr, classes, parentenv, handlers)
     8: tryCatchOne(expr, names, parentenv, handlers[[1L]])
     9: value[[3L]](cond)
Flavor: r-patched-solaris-x86