CRAN Package Check Results for Package rsconnect

Last updated on 2020-01-21 23:51:07 CET.

Flavor Version Tinstall Tcheck Ttotal Status Flags
r-devel-linux-x86_64-debian-clang 0.8.16 7.53 43.52 51.05 OK
r-devel-linux-x86_64-debian-gcc 0.8.16 5.52 33.83 39.35 OK
r-devel-linux-x86_64-fedora-clang 0.8.16 63.32 OK
r-devel-linux-x86_64-fedora-gcc 0.8.16 59.13 OK
r-devel-windows-ix86+x86_64 0.8.16 19.00 79.00 98.00 OK
r-devel-windows-ix86+x86_64-gcc8 0.8.16 19.00 60.00 79.00 OK
r-patched-linux-x86_64 0.8.16 6.93 40.13 47.06 OK
r-patched-solaris-x86 0.8.16 73.80 OK
r-release-linux-x86_64 0.8.16 6.86 40.53 47.39 OK
r-release-windows-ix86+x86_64 0.8.16 13.00 77.00 90.00 OK
r-release-osx-x86_64 0.8.16 ERROR
r-oldrel-windows-ix86+x86_64 0.8.16 8.00 49.00 57.00 OK
r-oldrel-osx-x86_64 0.8.16 ERROR

Check Details

Version: 0.8.16
Check: tests
Result: ERROR
     Running ‘testthat.R’ [4s/5s]
    Running the tests in ‘tests/testthat.R’ failed.
    Last 13 lines of output:
     > library(testthat)
     > library(rsconnect)
     >
     > test_check("rsconnect")
     ── 1. Failure: linter warns about absolute paths and relative paths (@test-lint.
     as.numeric(absPathLintedIndices) not identical to 15.
     Lengths differ: 0 is not 1
    
     ══ testthat results ═══════════════════════════════════════════════════════════
     [ OK: 257 | SKIPPED: 25 | WARNINGS: 1 | FAILED: 1 ]
     1. Failure: linter warns about absolute paths and relative paths (@test-lint.R#18)
    
     Error: testthat unit tests failed
     Execution halted
Flavors: r-release-osx-x86_64, r-oldrel-osx-x86_64