CRAN Package Check Results for Package rscorecard

Last updated on 2021-05-09 21:49:13 CEST.

Flavor Version Tinstall Tcheck Ttotal Status Flags
r-devel-linux-x86_64-debian-clang 0.18.0 3.03 30.54 33.57 NOTE
r-devel-linux-x86_64-debian-gcc 0.18.0 2.49 24.08 26.57 NOTE
r-devel-linux-x86_64-fedora-clang 0.18.0 54.03 NOTE
r-devel-linux-x86_64-fedora-gcc 0.18.0 41.13 NOTE
r-devel-windows-ix86+x86_64 0.18.0 7.00 56.00 63.00 NOTE
r-devel-windows-x86_64-gcc10-UCRT 0.18.0 NOTE
r-patched-linux-x86_64 0.18.0 3.38 29.99 33.37 NOTE
r-patched-solaris-x86 0.18.0 60.90 NOTE
r-release-linux-x86_64 0.18.0 3.04 29.66 32.70 OK
r-release-macos-x86_64 0.18.0 NOTE
r-release-windows-ix86+x86_64 0.18.0 5.00 37.00 42.00 OK
r-oldrel-macos-x86_64 0.18.0 NOTE
r-oldrel-windows-ix86+x86_64 0.18.0 5.00 44.00 49.00 OK

Check Details

Version: 0.18.0
Check: LazyData
Result: NOTE
     'LazyData' is specified without a 'data' directory
Flavors: r-devel-linux-x86_64-debian-clang, r-devel-linux-x86_64-debian-gcc, r-devel-linux-x86_64-fedora-clang, r-devel-linux-x86_64-fedora-gcc, r-devel-windows-ix86+x86_64, r-devel-windows-x86_64-gcc10-UCRT, r-patched-linux-x86_64, r-patched-solaris-x86

Version: 0.18.0
Check: dependencies in R code
Result: NOTE
    Namespace in Imports field not imported from: ‘tidyselect’
     All declared Imports should be used.
Flavors: r-devel-linux-x86_64-fedora-clang, r-devel-linux-x86_64-fedora-gcc, r-devel-windows-x86_64-gcc10-UCRT, r-patched-solaris-x86, r-release-macos-x86_64, r-oldrel-macos-x86_64