CRAN Package Check Results for Package rsem

Last updated on 2020-02-27 16:49:30 CET.

Flavor Version Tinstall Tcheck Ttotal Status Flags
r-devel-linux-x86_64-debian-clang 0.4.6 6.49 45.34 51.83 NOTE
r-devel-linux-x86_64-debian-gcc 0.4.6 5.88 35.27 41.15 NOTE
r-devel-linux-x86_64-fedora-clang 0.4.6 62.46 NOTE
r-devel-linux-x86_64-fedora-gcc 0.4.6 60.75 NOTE
r-devel-windows-ix86+x86_64 0.4.6 12.00 56.00 68.00 NOTE
r-devel-windows-ix86+x86_64-gcc8 0.4.6 10.00 58.00 68.00 NOTE
r-patched-linux-x86_64 0.4.6 4.72 40.78 45.50 NOTE
r-patched-solaris-x86 0.4.6 79.50 NOTE
r-release-linux-x86_64 0.4.6 5.40 41.34 46.74 NOTE
r-release-windows-ix86+x86_64 0.4.6 10.00 55.00 65.00 NOTE
r-release-osx-x86_64 0.4.6 NOTE
r-oldrel-windows-ix86+x86_64 0.4.6 7.00 56.00 63.00 NOTE
r-oldrel-osx-x86_64 0.4.6 NOTE

Check Details

Version: 0.4.6
Check: R code for possible problems
Result: NOTE
    rsem: no visible global function definition for 'write.table'
    rsem.Ascov: no visible global function definition for 'qchisq'
    rsem.Ascov: no visible global function definition for 'pchisq'
    rsem.emmusig: no visible global function definition for 'na.omit'
    rsem.emmusig: no visible global function definition for 'qchisq'
    rsem.emmusig: no visible global function definition for 'pchisq'
    rsem.fit: no visible global function definition for 'pchisq'
    rsem.fit: no visible global function definition for 'pf'
    rsem.print : print.estimate: no visible global function definition for
     'pnorm'
    rsem.weight: no visible global function definition for 'qchisq'
    rsem.weight: no visible global function definition for 'pchisq'
    semdiag.call.eqs: no visible global function definition for
     'write.table'
    semdiag.read.eqs: no visible global function definition for 'read.fwf'
    Undefined global functions or variables:
     na.omit pchisq pf pnorm qchisq read.fwf write.table
    Consider adding
     importFrom("stats", "na.omit", "pchisq", "pf", "pnorm", "qchisq")
     importFrom("utils", "read.fwf", "write.table")
    to your NAMESPACE file.
Flavors: r-devel-linux-x86_64-debian-clang, r-devel-linux-x86_64-debian-gcc, r-devel-linux-x86_64-fedora-clang, r-devel-linux-x86_64-fedora-gcc, r-devel-windows-ix86+x86_64, r-devel-windows-ix86+x86_64-gcc8, r-patched-linux-x86_64, r-patched-solaris-x86, r-release-linux-x86_64, r-release-windows-ix86+x86_64, r-release-osx-x86_64, r-oldrel-windows-ix86+x86_64, r-oldrel-osx-x86_64