CRAN Package Check Results for Package rsgeo

Last updated on 2024-02-27 15:48:24 CET.

Flavor Version Tinstall Tcheck Ttotal Status Flags
r-devel-linux-x86_64-debian-clang 0.1.6 270.96 37.05 308.01 OK
r-devel-linux-x86_64-debian-gcc 0.1.6 208.70 28.53 237.23 OK
r-devel-linux-x86_64-fedora-clang 0.1.6 408.34 NOTE
r-devel-linux-x86_64-fedora-gcc 0.1.6 408.05 OK
r-devel-windows-x86_64 0.1.6 133.00 89.00 222.00 OK
r-patched-linux-x86_64 0.1.6 256.06 36.31 292.37 OK
r-release-linux-x86_64 0.1.6 261.72 35.90 297.62 OK
r-release-macos-arm64 0.1.6 92.00 NOTE
r-release-macos-x86_64 0.1.6 109.00 NOTE
r-release-windows-x86_64 0.1.6 165.00 100.00 265.00 OK
r-oldrel-macos-arm64 0.1.6 85.00 NOTE
r-oldrel-windows-x86_64 0.1.6 160.00 94.00 254.00 WARN

Check Details

Version: 0.1.6
Check: installed package size
Result: NOTE installed size is 7.7Mb sub-directories of 1Mb or more: libs 6.9Mb Flavors: r-devel-linux-x86_64-fedora-clang, r-release-macos-arm64, r-release-macos-x86_64, r-oldrel-macos-arm64

Version: 0.1.6
Check: whether package can be installed
Result: WARN Found the following significant warnings: Warning: corrupt .drectve at end of def file Flavor: r-oldrel-windows-x86_64