CRAN Package Check Results for Package rsinaica

Last updated on 2022-01-28 11:52:29 CET.

Flavor Version Tinstall Tcheck Ttotal Status Flags
r-devel-linux-x86_64-debian-clang 0.6.1 6.52 68.19 74.71 OK
r-devel-linux-x86_64-debian-gcc 0.6.1 4.90 51.06 55.96 OK
r-devel-linux-x86_64-fedora-clang 0.6.1 88.20 NOTE
r-devel-linux-x86_64-fedora-gcc 0.6.1 71.70 NOTE
r-devel-windows-x86_64-new-UL 0.6.1 38.00 95.00 133.00 OK
r-devel-windows-x86_64-new-TK 0.6.1 NOTE
r-patched-linux-x86_64 0.6.1 5.55 59.14 64.69 OK
r-release-linux-x86_64 0.6.1 4.83 58.49 63.32 OK
r-release-macos-arm64 0.6.1 NOTE
r-release-macos-x86_64 0.6.1 NOTE
r-release-windows-ix86+x86_64 0.6.1 14.00 76.00 90.00 OK
r-oldrel-macos-x86_64 0.6.1 NOTE
r-oldrel-windows-ix86+x86_64 0.6.1 14.00 75.00 89.00 OK

Check Details

Version: 0.6.1
Check: data for non-ASCII characters
Result: NOTE
     Note: found 467 marked UTF-8 strings
Flavors: r-devel-linux-x86_64-fedora-clang, r-devel-linux-x86_64-fedora-gcc, r-devel-windows-x86_64-new-TK, r-release-macos-arm64, r-release-macos-x86_64, r-oldrel-macos-x86_64