CRAN Package Check Results for Package rsparkling

Last updated on 2021-04-14 16:47:39 CEST.

Flavor Version Tinstall Tcheck Ttotal Status Flags
r-devel-linux-x86_64-debian-clang 0.2.19 5.97 41.46 47.43 NOTE
r-devel-linux-x86_64-debian-gcc 0.2.19 4.84 31.17 36.01 NOTE
r-devel-linux-x86_64-fedora-clang 0.2.19 66.59 NOTE
r-devel-linux-x86_64-fedora-gcc 0.2.19 53.05 NOTE
r-devel-windows-ix86+x86_64 0.2.19 15.00 48.00 63.00 NOTE
r-devel-windows-x86_64-gcc10-UCRT 0.2.19 NOTE
r-patched-linux-x86_64 0.2.19 6.08 39.07 45.15 OK
r-patched-solaris-x86 0.2.19 83.00 NOTE
r-release-linux-x86_64 0.2.19 4.59 38.42 43.01 OK
r-release-macos-x86_64 0.2.19 NOTE
r-release-windows-ix86+x86_64 0.2.19 16.00 55.00 71.00 OK
r-oldrel-macos-x86_64 0.2.19 NOTE
r-oldrel-windows-ix86+x86_64 0.2.19 10.00 38.00 48.00 OK

Check Details

Version: 0.2.19
Check: LazyData
Result: NOTE
     'LazyData' is specified without a 'data' directory
Flavors: r-devel-linux-x86_64-debian-clang, r-devel-linux-x86_64-debian-gcc, r-devel-linux-x86_64-fedora-clang, r-devel-linux-x86_64-fedora-gcc, r-devel-windows-ix86+x86_64, r-devel-windows-x86_64-gcc10-UCRT

Version: 0.2.19
Check: dependencies in R code
Result: NOTE
    Namespace in Imports field not imported from: ‘h2o’
     All declared Imports should be used.
Flavors: r-devel-linux-x86_64-fedora-clang, r-devel-linux-x86_64-fedora-gcc, r-devel-windows-x86_64-gcc10-UCRT, r-patched-solaris-x86, r-release-macos-x86_64, r-oldrel-macos-x86_64