CRAN Package Check Results for Package rstan

Last updated on 2022-08-13 13:49:45 CEST.

Flavor Version Tinstall Tcheck Ttotal Status Flags
r-devel-linux-x86_64-debian-clang 2.21.5 723.43 379.27 1102.70 NOTE
r-devel-linux-x86_64-debian-gcc 2.21.5 1034.45 319.84 1354.29 NOTE
r-devel-linux-x86_64-fedora-clang 2.21.5 1570.81 NOTE
r-devel-linux-x86_64-fedora-gcc 2.21.5 1839.22 NOTE
r-devel-windows-x86_64 2.21.5 1391.00 529.00 1920.00 NOTE
r-patched-linux-x86_64 2.21.5 818.39 401.20 1219.59 NOTE
r-release-linux-x86_64 2.21.5 834.21 396.49 1230.70 NOTE
r-release-macos-arm64 2.21.5 471.00 NOTE
r-release-macos-x86_64 2.21.5 550.00 NOTE
r-release-windows-x86_64 2.21.5 1097.00 532.00 1629.00 NOTE
r-oldrel-macos-arm64 2.21.5 352.00 NOTE
r-oldrel-macos-x86_64 2.21.5 557.00 NOTE
r-oldrel-windows-ix86+x86_64 2.21.5 1893.00 600.00 2493.00 NOTE

Check Details

Version: 2.21.5
Check: for GNU extensions in Makefiles
Result: NOTE
    GNU make is a SystemRequirements.
Flavors: r-devel-linux-x86_64-debian-clang, r-devel-linux-x86_64-debian-gcc, r-devel-linux-x86_64-fedora-clang, r-devel-linux-x86_64-fedora-gcc, r-devel-windows-x86_64, r-patched-linux-x86_64, r-release-linux-x86_64, r-release-macos-arm64, r-release-macos-x86_64, r-release-windows-x86_64, r-oldrel-macos-arm64, r-oldrel-macos-x86_64, r-oldrel-windows-ix86+x86_64

Version: 2.21.5
Check: installed package size
Result: NOTE
     installed size is 170.8Mb
     sub-directories of 1Mb or more:
     lib 20.8Mb
     libs 147.1Mb
Flavors: r-devel-linux-x86_64-fedora-clang, r-devel-windows-x86_64, r-release-macos-arm64, r-release-macos-x86_64, r-release-windows-x86_64, r-oldrel-macos-arm64, r-oldrel-macos-x86_64, r-oldrel-windows-ix86+x86_64

Version: 2.21.5
Check: Rd cross-references
Result: NOTE
    Undeclared packages ‘coda’, ‘rstanarm’ in Rd xrefs
Flavor: r-devel-linux-x86_64-fedora-clang