CRAN Package Check Results for Package rstan

Last updated on 2019-08-19 10:47:25 CEST.

Flavor Version Tinstall Tcheck Ttotal Status Flags
r-devel-linux-x86_64-debian-clang 2.19.2 669.41 672.23 1341.64 NOTE
r-devel-linux-x86_64-debian-gcc 2.19.2 630.93 591.78 1222.71 WARN
r-devel-linux-x86_64-fedora-clang 2.19.2 1877.08 NOTE
r-devel-linux-x86_64-fedora-gcc 2.19.2 2093.17 NOTE
r-devel-windows-ix86+x86_64 2.19.2 1677.00 761.00 2438.00 NOTE
r-patched-linux-x86_64 2.19.2 682.86 712.22 1395.08 NOTE
r-patched-solaris-x86 2.19.2 1446.40 WARN
r-release-linux-x86_64 2.19.2 680.58 707.79 1388.37 NOTE
r-release-windows-ix86+x86_64 2.19.2 1260.00 653.00 1913.00 NOTE
r-release-osx-x86_64 2.19.2 NOTE
r-oldrel-windows-ix86+x86_64 2.19.2 1656.00 726.00 2382.00 NOTE
r-oldrel-osx-x86_64 2.19.2 NOTE

Check Details

Version: 2.19.2
Check: for GNU extensions in Makefiles
Result: NOTE
    GNU make is a SystemRequirements.
Flavors: r-devel-linux-x86_64-debian-clang, r-devel-linux-x86_64-debian-gcc, r-devel-linux-x86_64-fedora-clang, r-devel-linux-x86_64-fedora-gcc, r-devel-windows-ix86+x86_64, r-patched-linux-x86_64, r-patched-solaris-x86, r-release-linux-x86_64, r-release-windows-ix86+x86_64, r-release-osx-x86_64, r-oldrel-windows-ix86+x86_64, r-oldrel-osx-x86_64

Version: 2.19.2
Check: whether package can be installed
Result: WARN
    Found the following significant warnings:
     /home/hornik/tmp/R.check/r-devel-gcc/Work/build/Packages/BH/include/boost/get_pointer.hpp:48:40: warning: ‘template<class> class std::auto_ptr’ is deprecated [-Wdeprecated-declarations]
Flavor: r-devel-linux-x86_64-debian-gcc

Version: 2.19.2
Check: installed package size
Result: NOTE
     installed size is 172.6Mb
     sub-directories of 1Mb or more:
     libs 169.8Mb
Flavors: r-devel-linux-x86_64-fedora-clang, r-devel-windows-ix86+x86_64, r-patched-solaris-x86, r-release-windows-ix86+x86_64, r-release-osx-x86_64, r-oldrel-windows-ix86+x86_64, r-oldrel-osx-x86_64

Version: 2.19.2
Check: re-building of vignette outputs
Result: WARN
    Error(s) in re-building vignettes:
     ...
    --- re-building ‘SBC.Rmd’ using rmarkdown
    Warning in engine$weave(file, quiet = quiet, encoding = enc) :
     Pandoc (>= 1.12.3) and/or pandoc-citeproc not available. Falling back to R Markdown v1.
    Creating a 'stanmodel' object beta_binomial
    Warning in system(cmd, intern = !verbose) :
     running command '/home/ripley/R/cc/bin/R CMD SHLIB file203d53b867cb.cpp 2> file203d53b867cb.cpp.err.txt' had status 1 and error message 'Illegal seek'
    Quitting from lines 20-45 (SBC.Rmd)
    Quitting from lines 20-45 (SBC.Rmd)
    Error: processing vignette 'SBC.Rmd' failed with diagnostics:
    invalid connection
    --- failed re-building ‘SBC.Rmd’
    
    --- re-building ‘external.Rmd’ using rmarkdown
    Warning in engine$weave(file, quiet = quiet, encoding = enc) :
     Pandoc (>= 1.12.3) and/or pandoc-citeproc not available. Falling back to R Markdown v1.
    Quitting from lines 200-208 (external.Rmd)
    Quitting from lines 200-208 (external.Rmd)
    Error: processing vignette 'external.Rmd' failed with diagnostics:
    invalid connection
    --- failed re-building ‘external.Rmd’
    
    --- re-building ‘rstan.Rmd’ using rmarkdown
    Warning in engine$weave(file, quiet = quiet, encoding = enc) :
     Pandoc (>= 1.12.3) and/or pandoc-citeproc not available. Falling back to R Markdown v1.
    Quitting from lines 226-236 (rstan.Rmd)
    Quitting from lines 226-236 (rstan.Rmd)
    Error: processing vignette 'rstan.Rmd' failed with diagnostics:
    invalid connection
    --- failed re-building ‘rstan.Rmd’
    
    --- re-building ‘stanfit-objects.Rmd’ using rmarkdown
    Warning in engine$weave(file, quiet = quiet, encoding = enc) :
     Pandoc (>= 1.12.3) and/or pandoc-citeproc not available. Falling back to R Markdown v1.
    Quitting from lines 37-46 (stanfit-objects.Rmd)
    Quitting from lines 37-46 (stanfit-objects.Rmd)
    Error: processing vignette 'stanfit-objects.Rmd' failed with diagnostics:
    invalid connection
    --- failed re-building ‘stanfit-objects.Rmd’
    
    SUMMARY: processing the following files failed:
     ‘SBC.Rmd’ ‘external.Rmd’ ‘rstan.Rmd’ ‘stanfit-objects.Rmd’
    
    Error: Vignette re-building failed.
    Execution halted
Flavor: r-patched-solaris-x86