CRAN Package Check Results for Package rstanarm

Last updated on 2017-04-29 23:50:46.

Flavor Version Tinstall Tcheck Ttotal Status Flags
r-devel-linux-x86_64-debian-clang 2.15.2 215.20 363.45 578.65 OK
r-devel-linux-x86_64-debian-gcc 2.15.2 0.24 4.17 4.42 ERROR
r-devel-linux-x86_64-fedora-clang 2.15.3 635.59 NOTE --no-stop-on-test-error
r-devel-linux-x86_64-fedora-gcc 2.15.3 564.55 NOTE --no-stop-on-test-error
r-devel-windows-ix86+x86_64 2.15.2 518.00 200.00 718.00 NOTE --no-examples --no-tests --no-vignettes
r-patched-linux-x86_64 2.15.2 182.45 357.49 539.94 OK
r-patched-solaris-sparc 2.15.2 2358.50 ERROR
r-patched-solaris-x86 2.15.2 1212.20 WARN
r-release-linux-x86_64 2.15.2 180.27 359.31 539.59 OK
r-release-windows-ix86+x86_64 2.15.3 454.00 246.00 700.00 NOTE --no-examples --no-tests --no-vignettes
r-release-osx-x86_64 2.15.2 ERROR
r-oldrel-windows-ix86+x86_64 2.15.2 539.00 275.00 814.00 NOTE --no-examples --no-tests --no-vignettes
r-oldrel-osx-x86_64 2.15.2 WARN

Memtest notes: clang-UBSAN

Check Details

Version: 2.15.2
Check: whether package can be installed
Result: ERROR
    Installation failed.
Flavor: r-devel-linux-x86_64-debian-gcc

Version: 2.15.3
Flags: --no-stop-on-test-error
Check: installed package size
Result: NOTE
     installed size is 60.9Mb
     sub-directories of 1Mb or more:
     doc 2.2Mb
     libs 57.6Mb
Flavors: r-devel-linux-x86_64-fedora-clang, r-devel-linux-x86_64-fedora-gcc

Version: 2.15.2
Flags: --no-examples --no-tests --no-vignettes
Check: installed package size
Result: NOTE
     installed size is 12.5Mb
     sub-directories of 1Mb or more:
     doc 2.1Mb
     libs 9.4Mb
Flavors: r-devel-windows-ix86+x86_64, r-oldrel-windows-ix86+x86_64

Version: 2.15.2
Check: installed package size
Result: NOTE
     installed size is 8.8Mb
     sub-directories of 1Mb or more:
     doc 2.3Mb
     libs 5.4Mb
Flavors: r-patched-solaris-sparc, r-patched-solaris-x86, r-oldrel-osx-x86_64

Version: 2.15.2
Check: examples
Result: ERROR
    Running examples in ‘rstanarm-Ex.R’ failed
    The error most likely occurred in:
    
    > ### Name: example_model
    > ### Title: Example model
    > ### Aliases: example_model
    >
    > ### ** Examples
    >
    > example_model <-
    + stan_glmer(cbind(incidence, size - incidence) ~ size + period + (1|herd),
    + data = lme4::cbpp, family = binomial,
    + # this next line is only to keep the example small in size!
    + chains = 2, cores = 1, seed = 12345, iter = 500)
    
    SAMPLING FOR MODEL 'binomial' NOW (CHAIN 1).
Flavor: r-patched-solaris-sparc

Version: 2.15.2
Check: tests
Result: ERROR
     Running ‘testthat.R’ [36s/59s]
    Running the tests in ‘tests/testthat.R’ failed.
    Complete output:
     > # Part of the rstanarm package for estimating model parameters
     > # Copyright (C) 2015 Trustees of Columbia University
     > #
     > # This program is free software; you can redistribute it and/or
     > # modify it under the terms of the GNU General Public License
     > # as published by the Free Software Foundation; either version 3
     > # of the License, or (at your option) any later version.
     > #
     > # This program is distributed in the hope that it will be useful,
     > # but WITHOUT ANY WARRANTY; without even the implied warranty of
     > # MERCHANTABILITY or FITNESS FOR A PARTICULAR PURPOSE. See the
     > # GNU General Public License for more details.
     > #
     > # You should have received a copy of the GNU General Public License
     > # along with this program; if not, write to the Free Software
     > # Foundation, Inc., 51 Franklin Street, Fifth Floor, Boston, MA 02110-1301, USA.
     >
     > library(testthat)
     > library(rstanarm)
     Loading required package: Rcpp
     rstanarm (Version 2.15.2, packaged: 2017-04-19 09:04:44 UTC)
     - Do not expect the default priors to remain the same in future rstanarm versions.
     Thus, R scripts should specify priors explicitly, even if they are just the defaults.
     - For execution on a local, multicore CPU with excess RAM we recommend calling
     options(mc.cores = parallel::detectCores())
     > Sys.unsetenv("R_TESTS")
     > example(example_model)
    
     exmpl_> example_model <-
     exmpl_+ stan_glmer(cbind(incidence, size - incidence) ~ size + period + (1|herd),
     exmpl_+ data = lme4::cbpp, family = binomial,
     exmpl_+ # this next line is only to keep the example small in size!
     exmpl_+ chains = 2, cores = 1, seed = 12345, iter = 500)
    
     SAMPLING FOR MODEL 'binomial' NOW (CHAIN 1).
Flavor: r-patched-solaris-sparc

Version: 2.15.2
Check: re-building of vignette outputs
Result: WARN
    Error in re-building vignettes:
     ...
    Warning in engine$weave(file, quiet = quiet, encoding = enc) :
     Pandoc (>= 1.12.3) and/or pandoc-citeproc not available. Falling back to R Markdown v1.
    Quitting from lines 2-15 (./children/SETTINGS-knitr.txt)
    Quitting from lines NA-15 (./children/SETTINGS-knitr.txt)
    Error: processing vignette 'aov.Rmd' failed with diagnostics:
    object 'params' not found
    Execution halted
Flavors: r-patched-solaris-sparc, r-patched-solaris-x86, r-oldrel-osx-x86_64

Version: 2.15.3
Flags: --no-examples --no-tests --no-vignettes
Check: installed package size
Result: NOTE
     installed size is 12.5Mb
     sub-directories of 1Mb or more:
     doc 2.2Mb
     libs 9.3Mb
Flavor: r-release-windows-ix86+x86_64

Version: 2.15.2
Check: package dependencies
Result: ERROR
    Package required but not available: ‘shinystan’
    
    See section ‘The DESCRIPTION file’ in the ‘Writing R Extensions’
    manual.
Flavor: r-release-osx-x86_64