CRAN Package Check Results for Package rstanemax

Last updated on 2024-02-28 17:48:39 CET.

Flavor Version Tinstall Tcheck Ttotal Status Flags
r-devel-linux-x86_64-debian-clang 0.1.5 175.45 219.00 394.45 NOTE
r-devel-linux-x86_64-debian-gcc 0.1.5 149.87 173.64 323.51 NOTE
r-devel-linux-x86_64-fedora-clang 0.1.5 486.04 NOTE
r-devel-linux-x86_64-fedora-gcc 0.1.5 548.34 NOTE
r-devel-windows-x86_64 0.1.5 130.00 199.00 329.00 NOTE
r-patched-linux-x86_64 0.1.5 132.57 230.45 363.02 NOTE
r-release-linux-x86_64 0.1.5 132.26 231.65 363.91 NOTE
r-release-macos-arm64 0.1.5 242.00 NOTE
r-release-macos-x86_64 0.1.5 348.00 NOTE
r-release-windows-x86_64 0.1.5 165.00 243.00 408.00 NOTE
r-oldrel-macos-arm64 0.1.5 177.00 NOTE
r-oldrel-windows-x86_64 0.1.5 144.00 250.00 394.00 NOTE

Check Details

Version: 0.1.5
Check: for GNU extensions in Makefiles
Result: NOTE GNU make is a SystemRequirements. Flavors: r-devel-linux-x86_64-debian-clang, r-devel-linux-x86_64-debian-gcc, r-devel-linux-x86_64-fedora-clang, r-devel-linux-x86_64-fedora-gcc, r-devel-windows-x86_64, r-patched-linux-x86_64, r-release-linux-x86_64, r-release-macos-arm64, r-release-macos-x86_64, r-release-windows-x86_64, r-oldrel-macos-arm64, r-oldrel-windows-x86_64

Version: 0.1.5
Check: installed package size
Result: NOTE installed size is 36.6Mb sub-directories of 1Mb or more: libs 36.0Mb Flavors: r-release-macos-arm64, r-release-macos-x86_64, r-oldrel-macos-arm64