CRAN Package Check Results for Package rstanemax

Last updated on 2019-09-15 08:47:28 CEST.

Flavor Version Tinstall Tcheck Ttotal Status Flags
r-devel-linux-x86_64-debian-clang 0.1.0 92.41 99.25 191.66 NOTE
r-devel-linux-x86_64-debian-gcc 0.1.0 98.09 79.02 177.11 NOTE
r-devel-linux-x86_64-fedora-clang 0.1.0 254.91 NOTE
r-devel-linux-x86_64-fedora-gcc 0.1.0 282.84 NOTE
r-devel-windows-ix86+x86_64 0.1.0 249.00 159.00 408.00 NOTE
r-patched-linux-x86_64 0.1.0 97.38 98.01 195.39 NOTE
r-patched-solaris-x86 0.1.0 312.70 NOTE
r-release-linux-x86_64 0.1.0 97.42 99.06 196.48 NOTE
r-release-windows-ix86+x86_64 0.1.0 154.00 157.00 311.00 NOTE
r-release-osx-x86_64 0.1.0 NOTE
r-oldrel-windows-ix86+x86_64 0.1.0 216.00 225.00 441.00 NOTE
r-oldrel-osx-x86_64 0.1.0 NOTE

Check Details

Version: 0.1.0
Check: for GNU extensions in Makefiles
Result: NOTE
    GNU make is a SystemRequirements.
Flavors: r-devel-linux-x86_64-debian-clang, r-devel-linux-x86_64-debian-gcc, r-devel-linux-x86_64-fedora-clang, r-devel-linux-x86_64-fedora-gcc, r-devel-windows-ix86+x86_64, r-patched-linux-x86_64, r-patched-solaris-x86, r-release-linux-x86_64, r-release-windows-ix86+x86_64, r-release-osx-x86_64, r-oldrel-windows-ix86+x86_64, r-oldrel-osx-x86_64

Version: 0.1.0
Check: installed package size
Result: NOTE
     installed size is 25.4Mb
     sub-directories of 1Mb or more:
     libs 25.2Mb
Flavors: r-devel-linux-x86_64-fedora-clang, r-release-osx-x86_64, r-oldrel-osx-x86_64