CRAN Package Check Results for Package rstpm2

Last updated on 2024-02-23 01:51:42 CET.

Flavor Version Tinstall Tcheck Ttotal Status Flags
r-devel-linux-x86_64-debian-clang 1.6.3 OK
r-devel-linux-x86_64-debian-gcc 1.6.3 241.44 150.58 392.02 OK
r-devel-linux-x86_64-fedora-clang 1.6.3 662.41 NOTE
r-devel-linux-x86_64-fedora-gcc 1.6.3 707.90 OK
r-devel-windows-x86_64 1.6.3 215.00 240.00 455.00 NOTE
r-patched-linux-x86_64 1.6.3 293.00 200.71 493.71 OK
r-release-linux-x86_64 1.6.3 276.42 195.41 471.83 OK
r-release-macos-arm64 1.6.3 170.00 NOTE
r-release-macos-x86_64 1.6.3 291.00 NOTE
r-release-windows-x86_64 1.6.3 278.00 279.00 557.00 NOTE
r-oldrel-macos-arm64 1.6.3 167.00 NOTE
r-oldrel-windows-x86_64 1.6.3 260.00 279.00 539.00 NOTE

Check Details

Version: 1.6.3
Check: installed package size
Result: NOTE installed size is 18.1Mb sub-directories of 1Mb or more: libs 2.2Mb Flavors: r-devel-linux-x86_64-fedora-clang, r-devel-windows-x86_64, r-release-macos-arm64, r-release-macos-x86_64, r-release-windows-x86_64, r-oldrel-macos-arm64, r-oldrel-windows-x86_64