CRAN Package Check Results for Package rstream

Last updated on 2018-08-19 22:53:30 CEST.

Flavor Version Tinstall Tcheck Ttotal Status Flags
r-devel-linux-x86_64-debian-clang 1.3.5 4.37 31.42 35.79 OK
r-devel-linux-x86_64-debian-gcc 1.3.5 3.74 26.07 29.81 WARN
r-devel-linux-x86_64-fedora-clang 1.3.5 41.54 OK
r-devel-linux-x86_64-fedora-gcc 1.3.5 43.73 WARN
r-devel-windows-ix86+x86_64 1.3.5 17.00 74.00 91.00 OK
r-patched-linux-x86_64 1.3.5 3.61 29.16 32.77 WARN
r-patched-solaris-x86 1.3.5 62.60 OK
r-release-linux-x86_64 1.3.5 3.49 28.99 32.48 WARN
r-release-windows-ix86+x86_64 1.3.5 18.00 52.00 70.00 OK
r-release-osx-x86_64 1.3.5 OK
r-oldrel-windows-ix86+x86_64 1.3.5 11.00 53.00 64.00 OK
r-oldrel-osx-x86_64 1.3.5 OK

Check Details

Version: 1.3.5
Check: whether package can be installed
Result: WARN
    Found the following significant warnings:
     RngStreams.c:332:4: warning: ‘strncpy’ specified bound depends on the length of the source argument [-Wstringop-overflow=]
Flavors: r-devel-linux-x86_64-debian-gcc, r-devel-linux-x86_64-fedora-gcc, r-patched-linux-x86_64, r-release-linux-x86_64