CRAN Package Check Results for Package rsunlight

Last updated on 2018-11-19 05:48:37 CET.

Flavor Version Tinstall Tcheck Ttotal Status Flags
r-devel-linux-x86_64-debian-clang OK
r-devel-linux-x86_64-debian-gcc 0.7.0 1.97 27.94 29.91 OK
r-devel-linux-x86_64-fedora-clang 0.7.0 45.45 NOTE
r-devel-linux-x86_64-fedora-gcc 0.7.0 43.36 NOTE
r-devel-windows-ix86+x86_64 0.7.0 9.00 48.00 57.00 OK
r-patched-linux-x86_64 0.7.0 1.96 32.64 34.60 OK
r-patched-solaris-x86 0.7.0 67.10 NOTE
r-release-linux-x86_64 0.7.0 2.89 32.86 35.75 OK
r-release-windows-ix86+x86_64 0.7.0 10.00 53.00 63.00 OK
r-release-osx-x86_64 0.7.0 NOTE
r-oldrel-windows-ix86+x86_64 0.7.0 9.00 65.00 74.00 OK
r-oldrel-osx-x86_64 0.7.0 NOTE

Check Details

Version: 0.7.0
Check: dependencies in R code
Result: NOTE
    Namespace in Imports field not imported from: ‘stringr’
     All declared Imports should be used.
Flavors: r-devel-linux-x86_64-fedora-clang, r-devel-linux-x86_64-fedora-gcc, r-patched-solaris-x86, r-release-osx-x86_64, r-oldrel-osx-x86_64