CRAN Package Check Results for Package rsunlight

Last updated on 2019-02-21 01:50:59 CET.

Flavor Version Tinstall Tcheck Ttotal Status Flags
r-devel-linux-x86_64-debian-clang 0.7.0 3.08 35.78 38.86 OK
r-devel-linux-x86_64-debian-gcc 0.7.0 2.63 28.31 30.94 OK
r-devel-linux-x86_64-fedora-clang 0.7.0 47.26 NOTE
r-devel-linux-x86_64-fedora-gcc 0.7.0 44.99 NOTE
r-devel-windows-ix86+x86_64 0.7.0 11.00 73.00 84.00 OK
r-patched-linux-x86_64 0.7.0 OK
r-patched-solaris-x86 0.7.0 66.80 NOTE
r-release-linux-x86_64 0.7.0 OK
r-release-windows-ix86+x86_64 0.7.0 6.00 69.00 75.00 OK
r-release-osx-x86_64 0.7.0 NOTE
r-oldrel-windows-ix86+x86_64 0.7.0 6.00 68.00 74.00 OK
r-oldrel-osx-x86_64 0.7.0 NOTE

Check Details

Version: 0.7.0
Check: dependencies in R code
Result: NOTE
    Namespace in Imports field not imported from: ‘stringr’
     All declared Imports should be used.
Flavors: r-devel-linux-x86_64-fedora-clang, r-devel-linux-x86_64-fedora-gcc, r-patched-solaris-x86, r-release-osx-x86_64, r-oldrel-osx-x86_64