CRAN Package Check Results for Package rsunlight

Last updated on 2018-08-19 22:53:30 CEST.

Flavor Version Tinstall Tcheck Ttotal Status Flags
r-devel-linux-x86_64-debian-clang 0.7.0 3.10 37.02 40.12 OK
r-devel-linux-x86_64-debian-gcc 0.7.0 2.82 30.09 32.91 OK
r-devel-linux-x86_64-fedora-clang 0.7.0 46.38 NOTE
r-devel-linux-x86_64-fedora-gcc 0.7.0 47.56 NOTE
r-devel-windows-ix86+x86_64 0.7.0 10.00 78.00 88.00 OK
r-patched-linux-x86_64 0.7.0 3.15 32.87 36.02 OK
r-patched-solaris-x86 0.7.0 68.30 NOTE
r-release-linux-x86_64 0.7.0 3.03 32.93 35.96 OK
r-release-windows-ix86+x86_64 0.7.0 10.00 49.00 59.00 OK
r-release-osx-x86_64 0.7.0 NOTE
r-oldrel-windows-ix86+x86_64 0.7.0 6.00 66.00 72.00 OK
r-oldrel-osx-x86_64 0.7.0 NOTE

Check Details

Version: 0.7.0
Check: dependencies in R code
Result: NOTE
    Namespace in Imports field not imported from: ‘stringr’
     All declared Imports should be used.
Flavors: r-devel-linux-x86_64-fedora-clang, r-devel-linux-x86_64-fedora-gcc, r-patched-solaris-x86, r-release-osx-x86_64, r-oldrel-osx-x86_64