CRAN Package Check Results for Package rsunlight

Last updated on 2018-05-26 16:48:03 CEST.

Flavor Version Tinstall Tcheck Ttotal Status Flags
r-devel-linux-x86_64-debian-clang 0.7.0 3.08 34.73 37.81 OK
r-devel-linux-x86_64-debian-gcc 0.7.0 2.51 27.75 30.26 OK
r-devel-linux-x86_64-fedora-clang 0.7.0 45.59 NOTE
r-devel-linux-x86_64-fedora-gcc 0.7.0 44.74 NOTE
r-devel-windows-ix86+x86_64 0.7.0 6.00 57.00 63.00 OK
r-patched-linux-x86_64 0.7.0 1.83 32.19 34.02 OK
r-patched-solaris-x86 0.7.0 64.30 NOTE
r-release-linux-x86_64 0.7.0 2.36 32.23 34.59 OK
r-release-windows-ix86+x86_64 0.7.0 9.00 52.00 61.00 OK
r-release-osx-x86_64 0.7.0 NOTE
r-oldrel-windows-ix86+x86_64 0.7.0 10.00 51.00 61.00 OK
r-oldrel-osx-x86_64 0.4.2 OK

Check Details

Version: 0.7.0
Check: dependencies in R code
Result: NOTE
    Namespace in Imports field not imported from: ‘stringr’
     All declared Imports should be used.
Flavors: r-devel-linux-x86_64-fedora-clang, r-devel-linux-x86_64-fedora-gcc, r-patched-solaris-x86, r-release-osx-x86_64