CRAN Package Check Results for Package rsurfer

Last updated on 2018-11-20 19:47:59 CET.

Flavor Version Tinstall Tcheck Ttotal Status Flags
r-devel-linux-x86_64-debian-clang 0.2 4.09 42.48 46.57 OK
r-devel-linux-x86_64-debian-gcc 0.2 2.84 33.40 36.24 OK
r-devel-linux-x86_64-fedora-clang 0.2 56.31 OK
r-devel-linux-x86_64-fedora-gcc 0.2 54.61 OK
r-devel-windows-ix86+x86_64 0.2 10.00 60.00 70.00 OK
r-patched-linux-x86_64 0.2 3.98 40.86 44.84 NOTE
r-patched-solaris-x86 0.2 72.50 OK
r-release-linux-x86_64 0.2 3.33 41.95 45.28 NOTE
r-release-windows-ix86+x86_64 0.2 7.00 79.00 86.00 OK
r-release-osx-x86_64 0.2 OK
r-oldrel-windows-ix86+x86_64 0.2 7.00 69.00 76.00 OK
r-oldrel-osx-x86_64 0.2 OK

Check Details

Version: 0.2
Check: DESCRIPTION meta-information
Result: NOTE
    Dependence on R version ‘3.3.3’ not with patchlevel 0
Flavors: r-patched-linux-x86_64, r-release-linux-x86_64