CRAN Package Check Results for Package rsurfer

Last updated on 2019-02-20 13:46:42 CET.

Flavor Version Tinstall Tcheck Ttotal Status Flags
r-devel-linux-x86_64-debian-clang 0.2 4.19 42.87 47.06 OK
r-devel-linux-x86_64-debian-gcc 0.2 3.52 33.04 36.56 OK
r-devel-linux-x86_64-fedora-clang 0.2 57.90 OK
r-devel-linux-x86_64-fedora-gcc 0.2 55.54 OK
r-devel-windows-ix86+x86_64 0.2 10.00 75.00 85.00 OK
r-patched-linux-x86_64 0.2 NOTE
r-patched-solaris-x86 0.2 71.70 OK
r-release-linux-x86_64 0.2 NOTE
r-release-windows-ix86+x86_64 0.2 6.00 72.00 78.00 OK
r-release-osx-x86_64 0.2 OK
r-oldrel-windows-ix86+x86_64 0.2 7.00 87.00 94.00 OK
r-oldrel-osx-x86_64 0.2 OK

Check Details

Version: 0.2
Check: DESCRIPTION meta-information
Result: NOTE
    Dependence on R version ‘3.3.3’ not with patchlevel 0
Flavors: r-patched-linux-x86_64, r-release-linux-x86_64