CRAN Package Check Results for Package rsurfer

Last updated on 2018-05-22 13:46:48 CEST.

Flavor Version Tinstall Tcheck Ttotal Status Flags
r-devel-linux-x86_64-debian-clang 0.2 4.54 42.43 46.97 OK
r-devel-linux-x86_64-debian-gcc 0.2 3.02 32.50 35.52 OK
r-devel-linux-x86_64-fedora-clang 0.2 55.78 OK
r-devel-linux-x86_64-fedora-gcc 0.2 54.29 OK
r-devel-windows-ix86+x86_64 0.2 9.00 71.00 80.00 OK
r-patched-linux-x86_64 0.2 4.22 41.08 45.30 NOTE
r-patched-solaris-x86 0.2 73.30 OK
r-release-linux-x86_64 0.2 2.96 41.23 44.19 NOTE
r-release-windows-ix86+x86_64 0.2 13.00 63.00 76.00 OK
r-release-osx-x86_64 0.2 OK
r-oldrel-windows-ix86+x86_64 0.2 8.00 49.00 57.00 OK
r-oldrel-osx-x86_64 0.2 OK

Check Details

Version: 0.2
Check: DESCRIPTION meta-information
Result: NOTE
    Dependence on R version ‘3.3.3’ not with patchlevel 0
Flavors: r-patched-linux-x86_64, r-release-linux-x86_64