CRAN Package Check Results for Package rsurfer

Last updated on 2018-08-21 20:46:44 CEST.

Flavor Version Tinstall Tcheck Ttotal Status Flags
r-devel-linux-x86_64-debian-clang 0.2 3.00 42.62 45.62 OK
r-devel-linux-x86_64-debian-gcc 0.2 2.87 33.02 35.89 OK
r-devel-linux-x86_64-fedora-clang 0.2 55.41 OK
r-devel-linux-x86_64-fedora-gcc 0.2 57.37 OK
r-devel-windows-ix86+x86_64 0.2 8.00 70.00 78.00 OK
r-patched-linux-x86_64 0.2 3.39 41.24 44.63 NOTE
r-patched-solaris-x86 0.2 73.30 OK
r-release-linux-x86_64 0.2 3.92 41.90 45.82 NOTE
r-release-windows-ix86+x86_64 0.2 9.00 55.00 64.00 OK
r-release-osx-x86_64 0.2 OK
r-oldrel-windows-ix86+x86_64 0.2 4.00 69.00 73.00 OK
r-oldrel-osx-x86_64 0.2 OK

Check Details

Version: 0.2
Check: DESCRIPTION meta-information
Result: NOTE
    Dependence on R version ‘3.3.3’ not with patchlevel 0
Flavors: r-patched-linux-x86_64, r-release-linux-x86_64