CRAN Package Check Results for Package rsurfer

Last updated on 2018-02-22 08:48:56 CET.

Flavor Version Tinstall Tcheck Ttotal Status Flags
r-devel-linux-x86_64-debian-clang 0.2 4.48 37.42 41.90 NOTE
r-devel-linux-x86_64-debian-gcc 0.2 3.06 32.10 35.16 NOTE
r-devel-linux-x86_64-fedora-clang 0.2 56.51 NOTE
r-devel-linux-x86_64-fedora-gcc 0.2 54.49 NOTE
r-devel-windows-ix86+x86_64 0.2 9.00 51.00 60.00 OK
r-patched-linux-x86_64 0.2 2.27 41.80 44.07 OK
r-patched-solaris-x86 0.2 63.20 OK
r-release-linux-x86_64 0.2 2.13 42.47 44.60 OK
r-release-windows-ix86+x86_64 0.2 7.00 70.00 77.00 OK
r-release-osx-x86_64 0.2 OK
r-oldrel-windows-ix86+x86_64 0.2 5.00 50.00 55.00 OK
r-oldrel-osx-x86_64 0.2 ERROR

Check Details

Version: 0.2
Check: DESCRIPTION meta-information
Result: NOTE
    Dependence on R version ‘3.3.3’ not with patchlevel 0
Flavors: r-devel-linux-x86_64-debian-clang, r-devel-linux-x86_64-debian-gcc, r-devel-linux-x86_64-fedora-clang, r-devel-linux-x86_64-fedora-gcc

Version: 0.2
Check: whether package can be installed
Result: ERROR
    Installation failed.
Flavor: r-oldrel-osx-x86_64