CRAN Package Check Results for Package rsvd

Last updated on 2020-07-07 07:48:14 CEST.

Flavor Version Tinstall Tcheck Ttotal Status Flags
r-devel-linux-x86_64-debian-clang 1.0.3 13.46 72.45 85.91 OK
r-devel-linux-x86_64-debian-gcc 1.0.3 10.47 57.34 67.81 OK
r-devel-linux-x86_64-fedora-clang 1.0.3 113.15 NOTE
r-devel-linux-x86_64-fedora-gcc 1.0.3 100.77 OK
r-devel-windows-ix86+x86_64 1.0.3 19.00 80.00 99.00 NOTE
r-patched-linux-x86_64 1.0.3 13.08 68.86 81.94 OK
r-patched-solaris-x86 1.0.3 162.00 NOTE
r-release-linux-x86_64 1.0.3 12.96 70.18 83.14 OK
r-release-osx-x86_64 1.0.3 NOTE
r-release-windows-ix86+x86_64 1.0.3 20.00 76.00 96.00 NOTE
r-oldrel-osx-x86_64 1.0.3 NOTE
r-oldrel-windows-ix86+x86_64 1.0.3 20.00 108.00 128.00 NOTE

Check Details

Version: 1.0.3
Check: installed package size
Result: NOTE
     installed size is 6.1Mb
     sub-directories of 1Mb or more:
     data 5.9Mb
Flavors: r-devel-linux-x86_64-fedora-clang, r-devel-windows-ix86+x86_64, r-patched-solaris-x86, r-release-osx-x86_64, r-release-windows-ix86+x86_64, r-oldrel-osx-x86_64, r-oldrel-windows-ix86+x86_64