CRAN Package Check Results for Package rsvd

Last updated on 2019-12-08 23:47:37 CET.

Flavor Version Tinstall Tcheck Ttotal Status Flags
r-devel-linux-x86_64-debian-clang 1.0.2 12.39 70.15 82.54 OK
r-devel-linux-x86_64-debian-gcc 1.0.2 11.79 54.37 66.16 OK
r-devel-linux-x86_64-fedora-clang 1.0.2 100.22 NOTE
r-devel-linux-x86_64-fedora-gcc 1.0.2 98.04 OK
r-devel-windows-ix86+x86_64 1.0.2 19.00 101.00 120.00 NOTE
r-devel-windows-ix86+x86_64-gcc8 1.0.2 19.00 104.00 123.00 NOTE
r-patched-linux-x86_64 1.0.2 11.00 63.04 74.04 OK
r-patched-solaris-x86 1.0.2 152.30 NOTE
r-release-linux-x86_64 1.0.2 12.96 65.07 78.03 OK
r-release-windows-ix86+x86_64 1.0.2 24.00 80.00 104.00 NOTE
r-release-osx-x86_64 1.0.2 NOTE
r-oldrel-windows-ix86+x86_64 1.0.2 11.00 100.00 111.00 NOTE
r-oldrel-osx-x86_64 1.0.2 NOTE

Check Details

Version: 1.0.2
Check: installed package size
Result: NOTE
     installed size is 6.1Mb
     sub-directories of 1Mb or more:
     data 5.9Mb
Flavors: r-devel-linux-x86_64-fedora-clang, r-devel-windows-ix86+x86_64, r-devel-windows-ix86+x86_64-gcc8, r-patched-solaris-x86, r-release-windows-ix86+x86_64, r-release-osx-x86_64, r-oldrel-windows-ix86+x86_64, r-oldrel-osx-x86_64