CRAN Package Check Results for Package rsvddpd

Last updated on 2024-02-27 13:49:33 CET.

Flavor Version Tinstall Tcheck Ttotal Status Flags
r-devel-linux-x86_64-debian-clang 1.0.0 32.08 36.40 68.48 NOTE
r-devel-linux-x86_64-debian-gcc 1.0.0 30.42 27.46 57.88 NOTE
r-devel-linux-x86_64-fedora-clang 1.0.0 102.77 NOTE
r-devel-linux-x86_64-fedora-gcc 1.0.0 116.43 NOTE
r-devel-windows-x86_64 1.0.0 29.00 67.00 96.00 NOTE
r-patched-linux-x86_64 1.0.0 35.21 35.18 70.39 NOTE
r-release-linux-x86_64 1.0.0 35.04 34.74 69.78 NOTE
r-release-macos-arm64 1.0.0 34.00 NOTE
r-release-macos-x86_64 1.0.0 64.00 NOTE
r-release-windows-x86_64 1.0.0 36.00 77.00 113.00 NOTE
r-oldrel-macos-arm64 1.0.0 33.00 OK
r-oldrel-windows-x86_64 1.0.0 38.00 75.00 113.00 OK

Check Details

Version: 1.0.0
Check: C++ specification
Result: NOTE Specified C++11: please drop specification unless essential Flavors: r-devel-linux-x86_64-debian-clang, r-devel-linux-x86_64-debian-gcc, r-devel-linux-x86_64-fedora-clang, r-devel-linux-x86_64-fedora-gcc, r-devel-windows-x86_64, r-patched-linux-x86_64, r-release-linux-x86_64, r-release-macos-arm64, r-release-macos-x86_64, r-release-windows-x86_64