CRAN Package Check Results for Package rsvg

Last updated on 2018-07-18 03:49:40 CEST.

Flavor Version Tinstall Tcheck Ttotal Status Flags
r-devel-linux-x86_64-debian-clang 1.3 1.84 22.41 24.25 OK
r-devel-linux-x86_64-debian-gcc 1.3 1.37 17.85 19.22 OK
r-devel-linux-x86_64-fedora-clang 1.3 29.72 OK
r-devel-linux-x86_64-fedora-gcc 1.3 28.17 OK
r-devel-windows-ix86+x86_64 1.3 32.00 138.00 170.00 NOTE
r-patched-linux-x86_64 1.3 1.60 21.26 22.86 OK
r-release-linux-x86_64 1.3 1.74 21.39 23.13 OK
r-release-windows-ix86+x86_64 1.3 38.00 142.00 180.00 NOTE
r-release-osx-x86_64 1.3 NOTE
r-oldrel-windows-ix86+x86_64 1.3 36.00 109.00 145.00 NOTE
r-oldrel-osx-x86_64 1.3 NOTE

Check Details

Version: 1.3
Check: installed package size
Result: NOTE
     installed size is 17.5Mb
     sub-directories of 1Mb or more:
     libs 17.4Mb
Flavors: r-devel-windows-ix86+x86_64, r-release-windows-ix86+x86_64, r-release-osx-x86_64, r-oldrel-windows-ix86+x86_64, r-oldrel-osx-x86_64