CRAN Package Check Results for Package rsvg

Last updated on 2018-12-13 01:50:24 CET.

Flavor Version Tinstall Tcheck Ttotal Status Flags
r-devel-linux-x86_64-debian-clang 1.3 2.10 22.61 24.71 OK
r-devel-linux-x86_64-debian-gcc 1.3 1.55 18.33 19.88 OK
r-devel-linux-x86_64-fedora-clang 1.3 28.93 OK
r-devel-linux-x86_64-fedora-gcc 1.3 28.93 OK
r-devel-windows-ix86+x86_64 1.3 34.00 123.00 157.00 NOTE
r-patched-linux-x86_64 1.3 1.74 21.20 22.94 OK
r-release-linux-x86_64 1.3 1.61 21.07 22.68 OK
r-release-windows-ix86+x86_64 1.3 41.00 113.00 154.00 NOTE
r-release-osx-x86_64 1.3 NOTE
r-oldrel-windows-ix86+x86_64 1.3 27.00 129.00 156.00 NOTE
r-oldrel-osx-x86_64 1.3 NOTE

Check Details

Version: 1.3
Check: installed package size
Result: NOTE
     installed size is 17.5Mb
     sub-directories of 1Mb or more:
     libs 17.4Mb
Flavors: r-devel-windows-ix86+x86_64, r-release-windows-ix86+x86_64, r-release-osx-x86_64, r-oldrel-windows-ix86+x86_64, r-oldrel-osx-x86_64