CRAN Package Check Results for Package rsvg

Last updated on 2018-09-25 08:49:03 CEST.

Flavor Version Tinstall Tcheck Ttotal Status Flags
r-devel-linux-x86_64-debian-clang 1.3 1.82 21.45 23.27 OK
r-devel-linux-x86_64-debian-gcc 1.3 1.51 17.92 19.43 OK
r-devel-linux-x86_64-fedora-clang 1.3 30.20 OK
r-devel-linux-x86_64-fedora-gcc 1.3 29.24 OK
r-devel-windows-ix86+x86_64 1.3 46.00 129.00 175.00 NOTE
r-patched-linux-x86_64 1.3 1.36 20.88 22.24 OK
r-release-linux-x86_64 1.3 1.86 20.98 22.84 OK
r-release-windows-ix86+x86_64 1.3 29.00 144.00 173.00 NOTE
r-release-osx-x86_64 1.3 NOTE
r-oldrel-windows-ix86+x86_64 1.3 31.00 131.00 162.00 NOTE
r-oldrel-osx-x86_64 1.3 NOTE

Check Details

Version: 1.3
Check: installed package size
Result: NOTE
     installed size is 17.5Mb
     sub-directories of 1Mb or more:
     libs 17.4Mb
Flavors: r-devel-windows-ix86+x86_64, r-release-windows-ix86+x86_64, r-release-osx-x86_64, r-oldrel-windows-ix86+x86_64, r-oldrel-osx-x86_64