CRAN Package Check Results for Package rt

Last updated on 2024-04-20 10:52:50 CEST.

Flavor Version Tinstall Tcheck Ttotal Status Flags
r-devel-linux-x86_64-debian-clang 1.1.0 2.86 39.37 42.23 NOTE
r-devel-linux-x86_64-debian-gcc 1.1.0 2.41 30.28 32.69 NOTE
r-devel-linux-x86_64-fedora-clang 1.1.0 55.10 NOTE
r-devel-linux-x86_64-fedora-gcc 1.1.0 67.55 NOTE
r-prerel-macos-arm64 1.1.0 28.00 NOTE
r-prerel-windows-x86_64 1.1.0 5.00 59.00 64.00 NOTE
r-patched-linux-x86_64 1.1.0 3.03 38.51 41.54 NOTE
r-release-linux-x86_64 1.1.0 3.04 37.27 40.31 OK
r-release-macos-arm64 1.1.0 29.00 OK
r-release-macos-x86_64 1.1.0 39.00 OK
r-release-windows-x86_64 1.1.0 5.00 61.00 66.00 OK
r-oldrel-macos-arm64 1.1.0 21.00 OK
r-oldrel-windows-x86_64 1.1.0 5.00 58.00 63.00 OK

Check Details

Version: 1.1.0
Check: Rd files
Result: NOTE checkRd: (-1) rt_GET.Rd:13: Lost braces 13 | code{\link[httr]{GET}} (\code{TRUE}) or not (\code{FALSE})} | ^ checkRd: (-1) rt_POST.Rd:13: Lost braces 13 | code{\link[httr]{POST}} (\code{TRUE}) or not (\code{FALSE})} | ^ Flavors: r-devel-linux-x86_64-debian-clang, r-devel-linux-x86_64-debian-gcc, r-devel-linux-x86_64-fedora-clang, r-devel-linux-x86_64-fedora-gcc, r-prerel-macos-arm64, r-prerel-windows-x86_64, r-patched-linux-x86_64