CRAN Package Check Results for Package rtdists

Last updated on 2020-08-12 01:47:13 CEST.

Flavor Version Tinstall Tcheck Ttotal Status Flags
r-devel-linux-x86_64-debian-clang 0.11-2 32.31 383.06 415.37 OK
r-devel-linux-x86_64-debian-gcc 0.11-2 21.60 225.75 247.35 WARN
r-devel-linux-x86_64-fedora-clang 0.11-2 486.05 OK
r-devel-linux-x86_64-fedora-gcc 0.11-2 474.07 OK
r-devel-windows-ix86+x86_64 0.11-2 69.00 747.00 816.00 OK
r-patched-linux-x86_64 0.11-2 25.21 374.85 400.06 OK
r-patched-solaris-x86 0.11-2 538.10 OK
r-release-linux-x86_64 0.11-2 24.28 301.75 326.03 WARN
r-release-macos-x86_64 0.11-2 OK
r-release-windows-ix86+x86_64 0.11-2 70.00 572.00 642.00 OK
r-oldrel-macos-x86_64 0.11-2 OK
r-oldrel-windows-ix86+x86_64 0.11-2 41.00 687.00 728.00 OK

Check Details

Version: 0.11-2
Check: package dependencies
Result: NOTE
    Package suggested but not available for checking: ‘tidyr’
Flavors: r-devel-linux-x86_64-debian-gcc, r-release-linux-x86_64

Version: 0.11-2
Check: re-building of vignette outputs
Result: WARN
    Error(s) in re-building vignettes:
     ...
    --- re-building ‘reanalysis_rr98.Rmd’ using rmarkdown
    Loading required package: rtdists
    Loading required package: dplyr
    
    Attaching package: 'dplyr'
    
    The following objects are masked from 'package:stats':
    
     filter, lag
    
    The following objects are masked from 'package:base':
    
     intersect, setdiff, setequal, union
    
    Loading required package: tidyr
    Warning in library(package, lib.loc = lib.loc, character.only = TRUE, logical.return = TRUE, :
     there is no package called 'tidyr'
    Loading required package: purrr
    Loading required package: lattice
    Loading required package: latticeExtra
    Loading required package: binom
    `summarise()` regrouping output by 'id', 'instruction' (override with `.groups` argument)
    Quitting from lines 57-75 (reanalysis_rr98.Rmd)
    Error: processing vignette 'reanalysis_rr98.Rmd' failed with diagnostics:
    could not find function "nest"
    --- failed re-building ‘reanalysis_rr98.Rmd’
    
    SUMMARY: processing the following file failed:
     ‘reanalysis_rr98.Rmd’
    
    Error: Vignette re-building failed.
    Execution halted
Flavors: r-devel-linux-x86_64-debian-gcc, r-release-linux-x86_64