CRAN Package Check Results for Package rtdists

Last updated on 2017-10-22 20:47:33.

Flavor Version Tinstall Tcheck Ttotal Status Flags
r-devel-linux-x86_64-debian-clang 0.7-3 11.47 206.61 218.08 OK
r-devel-linux-x86_64-debian-gcc 0.7-3 11.51 212.74 224.25 OK
r-devel-linux-x86_64-fedora-clang 0.7-3 351.88 WARN
r-devel-linux-x86_64-fedora-gcc 0.7-3 362.42 WARN
r-devel-windows-ix86+x86_64 0.7-3 35.00 463.00 498.00 OK
r-patched-linux-x86_64 0.7-3 11.54 187.98 199.52 OK
r-patched-solaris-x86 0.7-3 550.60 OK
r-release-linux-x86_64 0.7-3 11.77 186.92 198.70 OK
r-release-windows-ix86+x86_64 0.7-3 46.00 608.00 654.00 OK
r-release-osx-x86_64 0.7-3 OK
r-oldrel-windows-ix86+x86_64 0.7-3 31.00 598.00 629.00 OK
r-oldrel-osx-x86_64 0.7-3 OK

Check Details

Version: 0.7-3
Check: re-building of vignette outputs
Result: WARN
    Error in re-building vignettes:
     ...
    Loading required package: rtdists
    Loading required package: dplyr
    
    Attaching package: 'dplyr'
    
    The following objects are masked from 'package:stats':
    
     filter, lag
    
    The following objects are masked from 'package:base':
    
     intersect, setdiff, setequal, union
    
    Loading required package: tidyr
    Loading required package: purrr
    Loading required package: lattice
    Loading required package: latticeExtra
    Loading required package: RColorBrewer
    Loading required package: binom
    Quitting from lines 57-75 (reanalysis_rr98.Rmd)
    Error: processing vignette 'reanalysis_rr98.Rmd' failed with diagnostics:
    STRING_PTR() can only be applied to a 'character', not a 'list'
    Execution halted
Flavors: r-devel-linux-x86_64-fedora-clang, r-devel-linux-x86_64-fedora-gcc