CRAN Package Check Results for Package rtdists

Last updated on 2018-06-23 16:46:55 CEST.

Flavor Version Tinstall Tcheck Ttotal Status Flags
r-devel-linux-x86_64-debian-clang 0.8-1 21.87 550.16 572.03 WARN
r-devel-linux-x86_64-debian-gcc 0.8-1 16.96 410.47 427.43 WARN
r-devel-linux-x86_64-fedora-clang 0.8-1 676.95 WARN
r-devel-linux-x86_64-fedora-gcc 0.8-1 641.29 WARN
r-devel-windows-ix86+x86_64 0.8-1 36.00 826.00 862.00 OK
r-patched-linux-x86_64 0.8-1 20.69 543.50 564.19 OK
r-patched-solaris-x86 0.8-1 823.00 OK
r-release-linux-x86_64 0.8-1 20.46 530.07 550.53 OK
r-release-windows-ix86+x86_64 0.8-1 50.00 814.00 864.00 OK
r-release-osx-x86_64 0.8-1 OK
r-oldrel-windows-ix86+x86_64 0.8-1 49.00 1096.00 1145.00 OK
r-oldrel-osx-x86_64 0.8-1 OK

Check Details

Version: 0.8-1
Check: for unstated dependencies in ‘tests’
Result: WARN
    '::' or ':::' import not declared from: ‘devtools’
    'library' or 'require' call not declared from: ‘devtools’
Flavors: r-devel-linux-x86_64-debian-clang, r-devel-linux-x86_64-debian-gcc, r-devel-linux-x86_64-fedora-clang, r-devel-linux-x86_64-fedora-gcc