CRAN Package Check Results for Package rtemps

Last updated on 2021-05-08 04:47:26 CEST.

Flavor Version Tinstall Tcheck Ttotal Status Flags
r-devel-linux-x86_64-debian-clang 0.8.0 2.02 22.31 24.33 NOTE
r-devel-linux-x86_64-debian-gcc 0.8.0 1.67 17.60 19.27 NOTE
r-devel-linux-x86_64-fedora-clang 0.8.0 39.65 NOTE
r-devel-linux-x86_64-fedora-gcc 0.8.0 29.55 NOTE
r-devel-windows-ix86+x86_64 0.8.0 10.00 45.00 55.00 NOTE
r-devel-windows-x86_64-gcc10-UCRT 0.8.0 NOTE
r-patched-linux-x86_64 0.8.0 1.99 21.89 23.88 NOTE
r-patched-solaris-x86 0.8.0 47.00 OK
r-release-linux-x86_64 0.8.0 2.07 22.17 24.24 OK
r-release-macos-x86_64 0.8.0 OK
r-release-windows-ix86+x86_64 0.8.0 4.00 29.00 33.00 OK
r-oldrel-macos-x86_64 0.8.0 OK
r-oldrel-windows-ix86+x86_64 0.8.0 4.00 38.00 42.00 OK

Check Details

Version: 0.8.0
Check: LazyData
Result: NOTE
     'LazyData' is specified without a 'data' directory
Flavors: r-devel-linux-x86_64-debian-clang, r-devel-linux-x86_64-debian-gcc, r-devel-linux-x86_64-fedora-clang, r-devel-linux-x86_64-fedora-gcc, r-devel-windows-ix86+x86_64, r-devel-windows-x86_64-gcc10-UCRT, r-patched-linux-x86_64