CRAN Package Check Results for Package rticles

Last updated on 2018-05-21 21:48:15 CEST.

Flavor Version Tinstall Tcheck Ttotal Status Flags
r-devel-linux-x86_64-debian-clang 0.4.1 1.23 17.77 19.00 NOTE
r-devel-linux-x86_64-debian-gcc 0.4.1 1.05 16.13 17.18 NOTE
r-devel-linux-x86_64-fedora-clang 0.4.1 25.20 NOTE
r-devel-linux-x86_64-fedora-gcc 0.4.1 24.09 NOTE
r-devel-windows-ix86+x86_64 0.4.1 4.00 44.00 48.00 NOTE
r-patched-linux-x86_64 0.4.1 0.99 19.13 20.12 NOTE
r-patched-solaris-x86 0.4.1 40.20 NOTE
r-release-linux-x86_64 0.4.1 1.42 19.06 20.48 NOTE
r-release-windows-ix86+x86_64 0.4.1 8.00 38.00 46.00 NOTE
r-release-osx-x86_64 0.4.1 NOTE
r-oldrel-windows-ix86+x86_64 0.4.1 9.00 28.00 37.00 NOTE
r-oldrel-osx-x86_64 0.4.1 NOTE

Check Details

Version: 0.4.1
Check: for GNU extensions in Makefiles
Result: NOTE
    GNU make is a SystemRequirements.
Flavors: r-devel-linux-x86_64-debian-clang, r-devel-linux-x86_64-debian-gcc, r-devel-linux-x86_64-fedora-clang, r-devel-linux-x86_64-fedora-gcc, r-devel-windows-ix86+x86_64, r-patched-linux-x86_64, r-patched-solaris-x86, r-release-linux-x86_64, r-release-windows-ix86+x86_64, r-release-osx-x86_64, r-oldrel-windows-ix86+x86_64, r-oldrel-osx-x86_64