CRAN Package Check Results for Package rticles

Last updated on 2018-08-22 04:49:22 CEST.

Flavor Version Tinstall Tcheck Ttotal Status Flags
r-devel-linux-x86_64-debian-clang 0.5 2.02 29.92 31.94 NOTE
r-devel-linux-x86_64-debian-gcc 0.5 2.05 24.77 26.82 NOTE
r-devel-linux-x86_64-fedora-clang 0.5 38.34 NOTE
r-devel-linux-x86_64-fedora-gcc 0.5 38.00 NOTE
r-devel-windows-ix86+x86_64 0.5 5.00 42.00 47.00 NOTE
r-patched-linux-x86_64 0.5 2.57 26.84 29.41 NOTE
r-patched-solaris-x86 0.5 58.70 NOTE
r-release-linux-x86_64 0.5 2.45 26.98 29.43 NOTE
r-release-windows-ix86+x86_64 0.5 12.00 43.00 55.00 NOTE
r-release-osx-x86_64 0.5 NOTE
r-oldrel-windows-ix86+x86_64 0.5 7.00 55.00 62.00 NOTE
r-oldrel-osx-x86_64 0.5 NOTE

Check Details

Version: 0.5
Check: for GNU extensions in Makefiles
Result: NOTE
    GNU make is a SystemRequirements.
Flavors: r-devel-linux-x86_64-debian-clang, r-devel-linux-x86_64-debian-gcc, r-devel-linux-x86_64-fedora-clang, r-devel-linux-x86_64-fedora-gcc, r-devel-windows-ix86+x86_64, r-patched-linux-x86_64, r-patched-solaris-x86, r-release-linux-x86_64, r-release-windows-ix86+x86_64, r-release-osx-x86_64, r-oldrel-windows-ix86+x86_64, r-oldrel-osx-x86_64