Last updated on 2023-12-07 17:48:32 CET.
Flavor | Version | Tinstall | Tcheck | Ttotal | Status | Flags |
---|---|---|---|---|---|---|
r-devel-linux-x86_64-debian-clang | 0.25 | 4.99 | 39.50 | 44.49 | NOTE | |
r-devel-linux-x86_64-debian-gcc | 0.25 | 3.86 | 30.85 | 34.71 | NOTE | |
r-devel-linux-x86_64-fedora-clang | 0.25 | 55.39 | NOTE | |||
r-devel-linux-x86_64-fedora-gcc | 0.25 | 53.69 | NOTE | |||
r-devel-windows-x86_64 | 0.25 | 9.00 | 54.00 | 63.00 | NOTE | |
r-patched-linux-x86_64 | 0.25 | 5.95 | 39.99 | 45.94 | NOTE | |
r-release-linux-x86_64 | 0.25 | 5.54 | 38.48 | 44.02 | NOTE | |
r-release-macos-arm64 | 0.25 | 21.00 | NOTE | |||
r-release-macos-x86_64 | 0.25 | 44.00 | NOTE | |||
r-release-windows-x86_64 | 0.25 | 9.00 | 58.00 | 67.00 | NOTE | |
r-oldrel-macos-arm64 | 0.25 | 31.00 | NOTE | |||
r-oldrel-macos-x86_64 | 0.25 | 33.00 | NOTE | |||
r-oldrel-windows-x86_64 | 0.25 | 10.00 | 64.00 | 74.00 | NOTE |
Version: 0.25
Check: Rd files
Result: NOTE
checkRd: (-1) article.Rd:414: Lost braces
414 | \verb{https://uk.sagepub.com/sites/default/files/sage_latex_template_4.zip}{class}.
| ^
Flavors: r-devel-linux-x86_64-debian-clang, r-devel-linux-x86_64-debian-gcc
Version: 0.25
Check: for GNU extensions in Makefiles
Result: NOTE
GNU make is a SystemRequirements.
Flavors: r-devel-linux-x86_64-debian-clang, r-devel-linux-x86_64-debian-gcc, r-devel-linux-x86_64-fedora-clang, r-devel-linux-x86_64-fedora-gcc, r-devel-windows-x86_64, r-patched-linux-x86_64, r-release-linux-x86_64, r-release-macos-arm64, r-release-macos-x86_64, r-release-windows-x86_64, r-oldrel-macos-arm64, r-oldrel-macos-x86_64, r-oldrel-windows-x86_64
Version: 0.25
Check: installed package size
Result: NOTE
installed size is 10.4Mb
sub-directories of 1Mb or more:
rmarkdown 10.1Mb
Flavors: r-devel-linux-x86_64-fedora-clang, r-devel-windows-x86_64, r-release-macos-arm64, r-release-macos-x86_64, r-release-windows-x86_64, r-oldrel-macos-arm64, r-oldrel-macos-x86_64, r-oldrel-windows-x86_64