CRAN Package Check Results for Package rticles

Last updated on 2018-02-20 19:48:37 CET.

Flavor Version Tinstall Tcheck Ttotal Status Flags
r-devel-linux-x86_64-debian-clang 0.4.1 1.35 19.49 20.84 NOTE
r-devel-linux-x86_64-debian-gcc 0.4.1 1.08 15.18 16.26 NOTE
r-devel-linux-x86_64-fedora-clang 0.4.1 24.18 NOTE
r-devel-linux-x86_64-fedora-gcc 0.4.1 23.42 NOTE
r-devel-windows-ix86+x86_64 0.4.1 3.00 28.00 31.00 NOTE
r-patched-linux-x86_64 0.4.1 1.31 18.74 20.05 NOTE
r-patched-solaris-x86 0.4.1 32.50 NOTE
r-release-linux-x86_64 0.4.1 1.19 19.54 20.73 NOTE
r-release-windows-ix86+x86_64 0.4.1 7.00 38.00 45.00 NOTE
r-release-osx-x86_64 0.4.1 NOTE
r-oldrel-windows-ix86+x86_64 0.4.1 7.00 34.00 41.00 NOTE
r-oldrel-osx-x86_64 0.4.1 NOTE

Check Details

Version: 0.4.1
Check: for GNU extensions in Makefiles
Result: NOTE
    GNU make is a SystemRequirements.
Flavors: r-devel-linux-x86_64-debian-clang, r-devel-linux-x86_64-debian-gcc, r-devel-linux-x86_64-fedora-clang, r-devel-linux-x86_64-fedora-gcc, r-devel-windows-ix86+x86_64, r-patched-linux-x86_64, r-patched-solaris-x86, r-release-linux-x86_64, r-release-windows-ix86+x86_64, r-release-osx-x86_64, r-oldrel-windows-ix86+x86_64, r-oldrel-osx-x86_64