CRAN Package Check Results for Package rties

Last updated on 2022-12-10 00:50:04 CET.

Flavor Version Tinstall Tcheck Ttotal Status Flags
r-devel-linux-x86_64-debian-clang 5.0.0 10.28 243.29 253.57 OK
r-devel-linux-x86_64-debian-gcc 5.0.0 8.28 179.08 187.36 OK
r-devel-linux-x86_64-fedora-clang 5.0.0 316.03 NOTE
r-devel-linux-x86_64-fedora-gcc 5.0.0 332.34 NOTE
r-devel-windows-x86_64 5.0.0 32.00 299.00 331.00 OK
r-patched-linux-x86_64 5.0.0 11.07 217.75 228.82 OK
r-release-linux-x86_64 5.0.0 9.09 213.22 222.31 OK
r-release-macos-arm64 5.0.0 85.00 NOTE
r-release-macos-x86_64 5.0.0 140.00 NOTE
r-release-windows-x86_64 5.0.0 29.00 279.00 308.00 OK
r-oldrel-macos-arm64 5.0.0 117.00 NOTE
r-oldrel-macos-x86_64 5.0.0 153.00 NOTE
r-oldrel-windows-ix86+x86_64 5.0.0 22.00 258.00 280.00 OK

Check Details

Version: 5.0.0
Check: dependencies in R code
Result: NOTE
    Namespaces in Imports field not imported from:
     ‘DescTools’ ‘MASS’ ‘gridExtra’
     All declared Imports should be used.
Flavors: r-devel-linux-x86_64-fedora-clang, r-devel-linux-x86_64-fedora-gcc, r-release-macos-arm64, r-release-macos-x86_64, r-oldrel-macos-arm64, r-oldrel-macos-x86_64