CRAN Package Check Results for Package rtimicropem

Last updated on 2019-02-16 18:46:36 CET.

Flavor Version Tinstall Tcheck Ttotal Status Flags
r-devel-linux-x86_64-debian-clang 1.3 5.38 59.61 64.99 OK
r-devel-linux-x86_64-debian-gcc 1.3 4.30 44.81 49.11 OK
r-devel-linux-x86_64-fedora-clang 1.3 81.69 NOTE
r-devel-linux-x86_64-fedora-gcc 1.3 72.41 NOTE
r-devel-windows-ix86+x86_64 1.3 14.00 111.00 125.00 OK
r-patched-linux-x86_64 1.3 4.02 54.49 58.51 NOTE
r-patched-solaris-x86 1.3 105.40 NOTE
r-release-linux-x86_64 1.3 NOTE
r-release-windows-ix86+x86_64 1.3 7.00 94.00 101.00 OK
r-release-osx-x86_64 1.3 NOTE
r-oldrel-windows-ix86+x86_64 1.3 11.00 179.00 190.00 OK
r-oldrel-osx-x86_64 1.3 NOTE

Check Details

Version: 1.3
Check: dependencies in R code
Result: NOTE
    Namespace in Imports field not imported from: ‘R6’
     All declared Imports should be used.
Flavors: r-devel-linux-x86_64-fedora-clang, r-devel-linux-x86_64-fedora-gcc, r-patched-solaris-x86, r-release-osx-x86_64, r-oldrel-osx-x86_64

Version: 1.3
Check: DESCRIPTION meta-information
Result: NOTE
    Dependence on R version ‘3.3.1’ not with patchlevel 0
Flavors: r-patched-linux-x86_64, r-release-linux-x86_64