CRAN Package Check Results for Package rtimicropem

Last updated on 2018-11-20 13:46:39 CET.

Flavor Version Tinstall Tcheck Ttotal Status Flags
r-devel-linux-x86_64-debian-clang 1.3 3.41 56.64 60.05 OK
r-devel-linux-x86_64-debian-gcc 1.3 2.84 43.66 46.50 OK
r-devel-linux-x86_64-fedora-clang 1.3 69.91 NOTE
r-devel-linux-x86_64-fedora-gcc 1.3 67.98 NOTE
r-devel-windows-ix86+x86_64 1.3 12.00 92.00 104.00 OK
r-patched-linux-x86_64 1.3 3.43 54.09 57.52 NOTE
r-patched-solaris-x86 1.3 106.80 NOTE
r-release-linux-x86_64 1.3 3.20 53.85 57.05 NOTE
r-release-windows-ix86+x86_64 1.3 9.00 104.00 113.00 OK
r-release-osx-x86_64 1.3 NOTE
r-oldrel-windows-ix86+x86_64 1.3 6.00 108.00 114.00 OK
r-oldrel-osx-x86_64 1.3 NOTE

Check Details

Version: 1.3
Check: dependencies in R code
Result: NOTE
    Namespace in Imports field not imported from: ‘R6’
     All declared Imports should be used.
Flavors: r-devel-linux-x86_64-fedora-clang, r-devel-linux-x86_64-fedora-gcc, r-patched-solaris-x86, r-release-osx-x86_64, r-oldrel-osx-x86_64

Version: 1.3
Check: DESCRIPTION meta-information
Result: NOTE
    Dependence on R version ‘3.3.1’ not with patchlevel 0
Flavors: r-patched-linux-x86_64, r-release-linux-x86_64