CRAN Package Check Results for Package rtimicropem

Last updated on 2018-02-18 08:48:12 CET.

Flavor Version Tinstall Tcheck Ttotal Status Flags
r-devel-linux-x86_64-debian-clang 1.3 3.47 56.30 59.77 NOTE
r-devel-linux-x86_64-debian-gcc 1.3 2.81 42.49 45.30 NOTE
r-devel-linux-x86_64-fedora-clang 1.3 68.95 NOTE
r-devel-linux-x86_64-fedora-gcc 1.3 67.84 NOTE
r-devel-windows-ix86+x86_64 1.3 7.00 65.00 72.00 OK
r-patched-linux-x86_64 1.3 2.16 69.61 71.77 OK
r-patched-solaris-x86 1.3 105.80 NOTE
r-release-linux-x86_64 1.3 1.98 68.29 70.27 OK
r-release-windows-ix86+x86_64 1.3 9.00 77.00 86.00 OK
r-release-osx-x86_64 1.3 NOTE
r-oldrel-windows-ix86+x86_64 1.3 6.00 86.00 92.00 NOTE
r-oldrel-osx-x86_64 1.3 NOTE

Check Details

Version: 1.3
Check: DESCRIPTION meta-information
Result: NOTE
    Dependence on R version ‘3.3.1’ not with patchlevel 0
Flavors: r-devel-linux-x86_64-debian-clang, r-devel-linux-x86_64-debian-gcc, r-devel-linux-x86_64-fedora-clang, r-devel-linux-x86_64-fedora-gcc

Version: 1.3
Check: dependencies in R code
Result: NOTE
    Namespace in Imports field not imported from: ‘R6’
     All declared Imports should be used.
Flavors: r-devel-linux-x86_64-fedora-clang, r-devel-linux-x86_64-fedora-gcc, r-patched-solaris-x86, r-release-osx-x86_64, r-oldrel-osx-x86_64

Version: 1.3
Check: DESCRIPTION meta-information
Result: NOTE
    Authors@R field gives persons with no valid roles:
     ERC Grant Agreement number 336167 - the CHAI Project [fnd]
     Lucy D'Agostino McGowan [rev] (Lucy D'Agostino McGowan reviewed the package for rOpenSci, see https://github.com/ropensci/onboarding/issues/126)
     Kara Woo [rev] (Kara Woo reviewed the package for rOpenSci, see https://github.com/ropensci/onboarding/issues/126)
Flavors: r-oldrel-windows-ix86+x86_64, r-oldrel-osx-x86_64