CRAN Package Check Results for Package rtimicropem

Last updated on 2018-08-21 21:51:21 CEST.

Flavor Version Tinstall Tcheck Ttotal Status Flags
r-devel-linux-x86_64-debian-clang 1.3 4.24 59.36 63.60 OK
r-devel-linux-x86_64-debian-gcc 1.3 3.62 46.91 50.53 OK
r-devel-linux-x86_64-fedora-clang 1.3 74.00 NOTE
r-devel-linux-x86_64-fedora-gcc 1.3 78.77 NOTE
r-devel-windows-ix86+x86_64 1.3 11.00 96.00 107.00 OK
r-patched-linux-x86_64 1.3 2.91 52.77 55.68 NOTE
r-patched-solaris-x86 1.3 105.70 NOTE
r-release-linux-x86_64 1.3 3.44 53.24 56.68 NOTE
r-release-windows-ix86+x86_64 1.3 12.00 67.00 79.00 OK
r-release-osx-x86_64 1.3 NOTE
r-oldrel-windows-ix86+x86_64 1.3 9.00 112.00 121.00 OK
r-oldrel-osx-x86_64 1.3 NOTE

Check Details

Version: 1.3
Check: dependencies in R code
Result: NOTE
    Namespace in Imports field not imported from: ‘R6’
     All declared Imports should be used.
Flavors: r-devel-linux-x86_64-fedora-clang, r-devel-linux-x86_64-fedora-gcc, r-patched-solaris-x86, r-release-osx-x86_64, r-oldrel-osx-x86_64

Version: 1.3
Check: DESCRIPTION meta-information
Result: NOTE
    Dependence on R version ‘3.3.1’ not with patchlevel 0
Flavors: r-patched-linux-x86_64, r-release-linux-x86_64