CRAN Package Check Results for Package rtmpt

Last updated on 2021-01-22 03:50:49 CET.

Flavor Version Tinstall Tcheck Ttotal Status Flags
r-devel-linux-x86_64-debian-clang 0.1-19 37.33 63.08 100.41 OK
r-devel-linux-x86_64-debian-gcc 0.1-19 21.98 46.57 68.55 OK
r-devel-linux-x86_64-fedora-clang 0.1-19 144.15 OK
r-devel-linux-x86_64-fedora-gcc 0.1-19 115.41 OK
r-devel-windows-ix86+x86_64 0.1-19 78.00 84.00 162.00 OK
r-patched-linux-x86_64 0.1-19 25.45 57.37 82.82 OK
r-patched-solaris-x86 0.1-19 157.20 OK
r-release-linux-x86_64 0.1-19 28.99 58.00 86.99 OK
r-release-macos-x86_64 0.1-19 NOTE
r-release-windows-ix86+x86_64 0.1-19 61.00 103.00 164.00 OK
r-oldrel-macos-x86_64 0.1-19 OK
r-oldrel-windows-ix86+x86_64 0.1-19 68.00 82.00 150.00 OK

Check Details

Version: 0.1-19
Check: installed package size
Result: NOTE
     installed size is 5.4Mb
     sub-directories of 1Mb or more:
     libs 4.1Mb
Flavor: r-release-macos-x86_64